Last updated on 2024-08-07 00:49:19 CEST.
Flavor | Version | Tinstall | Tcheck | Ttotal | Status | Flags |
---|---|---|---|---|---|---|
r-devel-linux-x86_64-debian-clang | 2.3.4 | 7.16 | 51.68 | 58.84 | OK | |
r-devel-linux-x86_64-debian-gcc | 2.3.4 | 5.79 | 41.13 | 46.92 | OK | |
r-devel-linux-x86_64-fedora-clang | 2.3.4 | 97.73 | OK | |||
r-devel-linux-x86_64-fedora-gcc | 2.3.4 | 106.91 | OK | |||
r-devel-windows-x86_64 | 2.3.4 | 34.00 | 85.00 | 119.00 | OK | |
r-patched-linux-x86_64 | 2.3.4 | 6.48 | 50.32 | 56.80 | OK | |
r-release-linux-x86_64 | 2.3.4 | 6.64 | 50.87 | 57.51 | OK | |
r-release-macos-arm64 | 2.3.4 | 46.00 | NOTE | |||
r-release-macos-x86_64 | 2.3.4 | 67.00 | NOTE | |||
r-release-windows-x86_64 | 2.3.4 | 34.00 | 92.00 | 126.00 | OK | |
r-oldrel-macos-arm64 | 2.3.4 | 57.00 | NOTE | |||
r-oldrel-macos-x86_64 | 2.3.4 | 80.00 | NOTE | |||
r-oldrel-windows-x86_64 | 2.3.4 | 35.00 | 90.00 | 125.00 | OK |
Version: 2.3.4
Check: installed package size
Result: NOTE
installed size is 7.1Mb
sub-directories of 1Mb or more:
libs 5.2Mb
Flavors: r-release-macos-arm64, r-release-macos-x86_64, r-oldrel-macos-arm64, r-oldrel-macos-x86_64