Last updated on 2024-08-07 00:49:19 CEST.
Flavor | Version | Tinstall | Tcheck | Ttotal | Status | Flags |
---|---|---|---|---|---|---|
r-devel-linux-x86_64-debian-clang | 0.2.3 | 57.89 | 40.92 | 98.81 | OK | |
r-devel-linux-x86_64-debian-gcc | 0.2.3 | 43.84 | 19.10 | 62.94 | OK | |
r-devel-linux-x86_64-fedora-gcc | 0.2.3 | 203.90 | OK | |||
r-devel-windows-x86_64 | 0.2.3 | 80.00 | 124.00 | 204.00 | NOTE | |
r-patched-linux-x86_64 | 0.2.3 | 58.81 | 22.90 | 81.71 | OK | |
r-release-linux-x86_64 | 0.2.3 | 59.99 | 22.92 | 82.91 | OK | |
r-release-macos-arm64 | 0.2.3 | 49.00 | NOTE | |||
r-release-macos-x86_64 | 0.2.3 | 63.00 | NOTE | |||
r-release-windows-x86_64 | 0.2.3 | 79.00 | 126.00 | 205.00 | NOTE | |
r-oldrel-macos-arm64 | 0.2.3 | 54.00 | NOTE | |||
r-oldrel-macos-x86_64 | 0.2.3 | 77.00 | NOTE | |||
r-oldrel-windows-x86_64 | 0.2.3 | 71.00 | 140.00 | 211.00 | NOTE |
Version: 0.2.3
Check: installed package size
Result: NOTE
installed size is 21.6Mb
sub-directories of 1Mb or more:
libs 10.5Mb
share 10.2Mb
Flavors: r-devel-windows-x86_64, r-release-macos-arm64, r-release-macos-x86_64, r-release-windows-x86_64, r-oldrel-macos-arm64, r-oldrel-macos-x86_64, r-oldrel-windows-x86_64