Last updated on 2024-08-07 00:49:19 CEST.
Flavor | Version | Tinstall | Tcheck | Ttotal | Status | Flags |
---|---|---|---|---|---|---|
r-devel-linux-x86_64-debian-clang | 1.0.2 | 53.20 | 124.58 | 177.78 | OK | |
r-devel-linux-x86_64-debian-gcc | 1.0.2 | 41.33 | 93.19 | 134.52 | OK | |
r-devel-linux-x86_64-fedora-clang | 1.0.2 | 299.34 | NOTE | |||
r-devel-linux-x86_64-fedora-gcc | 1.0.2 | 291.92 | NOTE | |||
r-devel-windows-x86_64 | 1.0.2 | 51.00 | 133.00 | 184.00 | NOTE | |
r-patched-linux-x86_64 | 1.0.2 | 54.33 | 119.86 | 174.19 | OK | |
r-release-linux-x86_64 | 1.0.2 | 52.44 | 119.11 | 171.55 | OK | |
r-release-macos-arm64 | 1.0.2 | 106.00 | NOTE | |||
r-release-macos-x86_64 | 1.0.2 | 260.00 | NOTE | |||
r-release-windows-x86_64 | 1.0.2 | 54.00 | 145.00 | 199.00 | NOTE | |
r-oldrel-macos-arm64 | 1.0.2 | 113.00 | NOTE | |||
r-oldrel-macos-x86_64 | 1.0.2 | 203.00 | NOTE | |||
r-oldrel-windows-x86_64 | 1.0.2 | 74.00 | 162.00 | 236.00 | NOTE |
Version: 1.0.2
Check: installed package size
Result: NOTE
installed size is 6.2Mb
sub-directories of 1Mb or more:
R 5.6Mb
Flavors: r-devel-linux-x86_64-fedora-clang, r-devel-windows-x86_64, r-release-macos-arm64, r-release-macos-x86_64, r-release-windows-x86_64, r-oldrel-macos-arm64, r-oldrel-macos-x86_64, r-oldrel-windows-x86_64
Version: 1.0.2
Check: data for non-ASCII characters
Result: NOTE
Note: found 24 marked UTF-8 strings
Flavors: r-devel-linux-x86_64-fedora-clang, r-devel-linux-x86_64-fedora-gcc