Last updated on 2024-08-07 00:49:19 CEST.
Flavor | Version | Tinstall | Tcheck | Ttotal | Status | Flags |
---|---|---|---|---|---|---|
r-devel-linux-x86_64-debian-clang | 2.1.0 | 149.92 | 246.52 | 396.44 | OK | |
r-devel-linux-x86_64-debian-gcc | 2.1.0 | 100.90 | 259.20 | 360.10 | OK | |
r-devel-linux-x86_64-fedora-clang | 2.1.0 | 699.10 | OK | |||
r-devel-linux-x86_64-fedora-gcc | 2.1.0 | 853.24 | OK | |||
r-devel-windows-x86_64 | 2.1.0 | 160.00 | 328.00 | 488.00 | OK | |
r-patched-linux-x86_64 | 2.1.0 | 141.17 | 322.22 | 463.39 | OK | |
r-release-linux-x86_64 | 2.1.0 | 142.28 | 320.54 | 462.82 | OK | |
r-release-macos-arm64 | 2.1.0 | 241.00 | NOTE | |||
r-release-macos-x86_64 | 2.1.0 | 323.00 | NOTE | |||
r-release-windows-x86_64 | 2.1.0 | 159.00 | 334.00 | 493.00 | OK | |
r-oldrel-macos-arm64 | 2.1.0 | 241.00 | NOTE | |||
r-oldrel-macos-x86_64 | 2.1.0 | 499.00 | NOTE | |||
r-oldrel-windows-x86_64 | 2.1.0 | 186.00 | 438.00 | 624.00 | OK |
Version: 2.1.0
Check: installed package size
Result: NOTE
installed size is 9.9Mb
sub-directories of 1Mb or more:
libs 9.6Mb
Flavors: r-release-macos-arm64, r-release-macos-x86_64, r-oldrel-macos-arm64, r-oldrel-macos-x86_64