Last updated on 2024-08-07 00:49:19 CEST.
Flavor | Version | Tinstall | Tcheck | Ttotal | Status | Flags |
---|---|---|---|---|---|---|
r-devel-linux-x86_64-debian-clang | 1.0.2 | 83.77 | 61.67 | 145.44 | OK | |
r-devel-linux-x86_64-debian-gcc | 1.0.2 | 63.76 | 44.41 | 108.17 | OK | |
r-devel-linux-x86_64-fedora-clang | 1.0.2 | 275.90 | OK | |||
r-devel-linux-x86_64-fedora-gcc | 1.0.2 | 321.94 | OK | |||
r-devel-windows-x86_64 | 1.0.2 | 105.00 | 103.00 | 208.00 | OK | |
r-patched-linux-x86_64 | 1.0.2 | 87.88 | 58.96 | 146.84 | OK | |
r-release-linux-x86_64 | 1.0.2 | 90.16 | 58.39 | 148.55 | OK | |
r-release-macos-arm64 | 1.0.2 | 90.00 | NOTE | |||
r-release-macos-x86_64 | 1.0.2 | 104.00 | NOTE | |||
r-release-windows-x86_64 | 1.0.2 | 109.00 | 111.00 | 220.00 | OK | |
r-oldrel-macos-arm64 | 1.0.2 | 95.00 | NOTE | |||
r-oldrel-macos-x86_64 | 1.0.2 | 131.00 | NOTE | |||
r-oldrel-windows-x86_64 | 1.0.2 | 122.00 | 131.00 | 253.00 | OK |
Version: 1.0.2
Check: installed package size
Result: NOTE
installed size is 6.9Mb
sub-directories of 1Mb or more:
libs 6.4Mb
Flavors: r-release-macos-arm64, r-release-macos-x86_64, r-oldrel-macos-arm64, r-oldrel-macos-x86_64