Last updated on 2024-08-07 00:49:19 CEST.
Flavor | Version | Tinstall | Tcheck | Ttotal | Status | Flags |
---|---|---|---|---|---|---|
r-devel-linux-x86_64-debian-clang | 0.2.1 | 10.94 | 164.98 | 175.92 | NOTE | |
r-devel-linux-x86_64-debian-gcc | 0.2.1 | 5.92 | 113.48 | 119.40 | NOTE | |
r-devel-linux-x86_64-fedora-clang | 0.2.1 | 285.38 | NOTE | |||
r-devel-linux-x86_64-fedora-gcc | 0.2.1 | 286.18 | NOTE | |||
r-devel-windows-x86_64 | 0.2.1 | 12.00 | 175.00 | 187.00 | NOTE | |
r-patched-linux-x86_64 | 0.2.1 | 11.23 | 158.19 | 169.42 | NOTE | |
r-release-linux-x86_64 | 0.2.1 | 9.70 | 160.00 | 169.70 | NOTE | |
r-release-macos-arm64 | 0.2.1 | 82.00 | NOTE | |||
r-release-macos-x86_64 | 0.2.1 | 122.00 | NOTE | |||
r-release-windows-x86_64 | 0.2.1 | 13.00 | 209.00 | 222.00 | NOTE | |
r-oldrel-macos-arm64 | 0.2.1 | 105.00 | NOTE | |||
r-oldrel-macos-x86_64 | 0.2.1 | 184.00 | NOTE | |||
r-oldrel-windows-x86_64 | 0.2.1 | 17.00 | 235.00 | 252.00 | NOTE |
Version: 0.2.1
Check: Rd files
Result: NOTE
checkRd: (-1) ir_to_transmittance.Rd:49: Escaped LaTeX specials: \&
Flavors: r-devel-linux-x86_64-debian-clang, r-devel-linux-x86_64-debian-gcc, r-devel-linux-x86_64-fedora-clang, r-devel-linux-x86_64-fedora-gcc, r-devel-windows-x86_64, r-patched-linux-x86_64, r-release-linux-x86_64, r-release-macos-arm64, r-release-macos-x86_64, r-release-windows-x86_64, r-oldrel-macos-arm64, r-oldrel-macos-x86_64, r-oldrel-windows-x86_64