Last updated on 2024-08-07 00:49:19 CEST.
Flavor | Version | Tinstall | Tcheck | Ttotal | Status | Flags |
---|---|---|---|---|---|---|
r-devel-linux-x86_64-debian-clang | 0.4.0 | 4.35 | 64.25 | 68.60 | OK | |
r-devel-linux-x86_64-debian-gcc | 0.4.0 | 2.87 | 45.04 | 47.91 | OK | |
r-devel-linux-x86_64-fedora-clang | 0.4.0 | 112.94 | NOTE | |||
r-devel-linux-x86_64-fedora-gcc | 0.4.0 | 119.06 | NOTE | |||
r-devel-windows-x86_64 | 0.4.0 | 5.00 | 80.00 | 85.00 | OK | |
r-patched-linux-x86_64 | 0.4.0 | 3.83 | 61.13 | 64.96 | OK | |
r-release-linux-x86_64 | 0.4.0 | 4.17 | 60.92 | 65.09 | OK | |
r-release-macos-arm64 | 0.4.0 | 37.00 | OK | |||
r-release-macos-x86_64 | 0.4.0 | 59.00 | OK | |||
r-release-windows-x86_64 | 0.4.0 | 5.00 | 87.00 | 92.00 | OK | |
r-oldrel-macos-arm64 | 0.4.0 | 46.00 | OK | |||
r-oldrel-macos-x86_64 | 0.4.0 | 66.00 | OK | |||
r-oldrel-windows-x86_64 | 0.4.0 | 7.00 | 100.00 | 107.00 | OK |
Version: 0.4.0
Check: data for non-ASCII characters
Result: NOTE
Note: found 104 marked UTF-8 strings
Flavors: r-devel-linux-x86_64-fedora-clang, r-devel-linux-x86_64-fedora-gcc