Last updated on 2024-08-07 00:49:19 CEST.
Flavor | Version | Tinstall | Tcheck | Ttotal | Status | Flags |
---|---|---|---|---|---|---|
r-devel-linux-x86_64-debian-clang | 2.1.0 | 43.78 | 26.39 | 70.17 | NOTE | |
r-devel-linux-x86_64-debian-gcc | 2.1.0 | 16.62 | 20.84 | 37.46 | NOTE | |
r-devel-linux-x86_64-fedora-clang | 2.1.0 | 99.12 | NOTE | |||
r-devel-linux-x86_64-fedora-gcc | 2.1.0 | 99.20 | NOTE | |||
r-devel-windows-x86_64 | 2.1.0 | 29.00 | 65.00 | 94.00 | NOTE | |
r-patched-linux-x86_64 | 2.1.0 | 24.51 | 25.42 | 49.93 | NOTE | |
r-release-linux-x86_64 | 2.1.0 | 25.25 | 25.48 | 50.73 | NOTE | |
r-release-macos-arm64 | 2.1.0 | 29.00 | NOTE | |||
r-release-macos-x86_64 | 2.1.0 | 33.00 | NOTE | |||
r-release-windows-x86_64 | 2.1.0 | 29.00 | 72.00 | 101.00 | NOTE | |
r-oldrel-macos-arm64 | 2.1.0 | 28.00 | NOTE | |||
r-oldrel-macos-x86_64 | 2.1.0 | 42.00 | NOTE | |||
r-oldrel-windows-x86_64 | 2.1.0 | 35.00 | 75.00 | 110.00 | NOTE |
Version: 2.1.0
Check: C++ specification
Result: NOTE
Specified C++11: please drop specification unless essential
Flavors: r-devel-linux-x86_64-debian-clang, r-devel-linux-x86_64-debian-gcc, r-devel-linux-x86_64-fedora-clang, r-devel-linux-x86_64-fedora-gcc, r-devel-windows-x86_64, r-patched-linux-x86_64, r-release-linux-x86_64, r-release-macos-arm64, r-release-macos-x86_64, r-release-windows-x86_64, r-oldrel-macos-arm64, r-oldrel-macos-x86_64, r-oldrel-windows-x86_64