Last updated on 2024-08-07 00:49:19 CEST.
Flavor | Version | Tinstall | Tcheck | Ttotal | Status | Flags |
---|---|---|---|---|---|---|
r-devel-linux-x86_64-debian-clang | 0.4.0 | 6.78 | 57.42 | 64.20 | OK | |
r-devel-linux-x86_64-debian-gcc | 0.4.0 | 6.96 | 42.55 | 49.51 | OK | |
r-devel-linux-x86_64-fedora-clang | 0.4.0 | 105.42 | NOTE | |||
r-devel-linux-x86_64-fedora-gcc | 0.4.0 | 97.91 | NOTE | |||
r-devel-windows-x86_64 | 0.4.0 | 9.00 | 70.00 | 79.00 | OK | |
r-patched-linux-x86_64 | 0.4.0 | 9.18 | 55.10 | 64.28 | OK | |
r-release-linux-x86_64 | 0.4.0 | 9.12 | 54.91 | 64.03 | OK | |
r-release-macos-arm64 | 0.4.0 | 36.00 | OK | |||
r-release-macos-x86_64 | 0.4.0 | 52.00 | OK | |||
r-release-windows-x86_64 | 0.4.0 | 10.00 | 78.00 | 88.00 | OK | |
r-oldrel-macos-arm64 | 0.4.0 | 43.00 | OK | |||
r-oldrel-macos-x86_64 | 0.4.0 | 81.00 | OK | |||
r-oldrel-windows-x86_64 | 0.4.0 | 13.00 | 81.00 | 94.00 | OK |
Version: 0.4.0
Check: data for non-ASCII characters
Result: NOTE
Note: found 1064460 marked UTF-8 strings
Flavors: r-devel-linux-x86_64-fedora-clang, r-devel-linux-x86_64-fedora-gcc