Last updated on 2024-08-07 00:49:19 CEST.
Flavor | Version | Tinstall | Tcheck | Ttotal | Status | Flags |
---|---|---|---|---|---|---|
r-devel-linux-x86_64-debian-clang | 1.1.2 | 14.31 | 214.62 | 228.93 | NOTE | |
r-devel-linux-x86_64-debian-gcc | 1.1.2 | 9.48 | 145.03 | 154.51 | NOTE | |
r-devel-linux-x86_64-fedora-clang | 1.1.2 | 362.54 | NOTE | |||
r-devel-linux-x86_64-fedora-gcc | 1.1.2 | 353.52 | NOTE | |||
r-devel-windows-x86_64 | 1.1.2 | 14.00 | 194.00 | 208.00 | NOTE | |
r-patched-linux-x86_64 | 1.1.2 | 13.49 | 202.91 | 216.40 | NOTE | |
r-release-linux-x86_64 | 1.1.2 | 11.74 | 204.67 | 216.41 | NOTE | |
r-release-macos-arm64 | 1.1.2 | 89.00 | NOTE | |||
r-release-macos-x86_64 | 1.1.2 | 191.00 | NOTE | |||
r-release-windows-x86_64 | 1.1.2 | 14.00 | 284.00 | 298.00 | NOTE | |
r-oldrel-macos-arm64 | 1.1.2 | 93.00 | OK | |||
r-oldrel-macos-x86_64 | 1.1.2 | 167.00 | OK | |||
r-oldrel-windows-x86_64 | 1.1.2 | 21.00 | 243.00 | 264.00 | OK |
Version: 1.1.2
Check: Rd files
Result: NOTE
checkRd: (-1) jrt.Rd:45-46: Lost braces
45 | \item{Difference models (more or less constrained versions of the
| ^
checkRd: (-1) jrt.Rd:54-55: Lost braces
54 | \item{Divide-by-total models (more or less constrained versions of the
| ^
Flavors: r-devel-linux-x86_64-debian-clang, r-devel-linux-x86_64-debian-gcc, r-devel-linux-x86_64-fedora-clang, r-devel-linux-x86_64-fedora-gcc, r-devel-windows-x86_64, r-patched-linux-x86_64, r-release-linux-x86_64, r-release-macos-arm64, r-release-macos-x86_64, r-release-windows-x86_64