Last updated on 2024-08-07 00:49:19 CEST.
Flavor | Version | Tinstall | Tcheck | Ttotal | Status | Flags |
---|---|---|---|---|---|---|
r-devel-linux-x86_64-debian-clang | 0.2.6 | 5.05 | 67.57 | 72.62 | OK | |
r-devel-linux-x86_64-debian-gcc | 0.2.6 | 3.30 | 48.58 | 51.88 | OK | |
r-devel-linux-x86_64-fedora-clang | 0.2.6 | 118.64 | NOTE | |||
r-devel-linux-x86_64-fedora-gcc | 0.2.6 | 125.07 | OK | |||
r-devel-windows-x86_64 | 0.2.6 | 6.00 | 86.00 | 92.00 | OK | |
r-patched-linux-x86_64 | 0.2.6 | 3.43 | 64.61 | 68.04 | OK | |
r-release-linux-x86_64 | 0.2.6 | 5.12 | 65.26 | 70.38 | OK | |
r-release-macos-arm64 | 0.2.6 | 44.00 | OK | |||
r-release-macos-x86_64 | 0.2.6 | 89.00 | OK | |||
r-release-windows-x86_64 | 0.2.6 | 6.00 | 90.00 | 96.00 | OK | |
r-oldrel-macos-arm64 | 0.2.6 | 44.00 | OK | |||
r-oldrel-macos-x86_64 | 0.2.6 | 82.00 | OK | |||
r-oldrel-windows-x86_64 | 0.2.6 | 8.00 | 101.00 | 109.00 | OK |
Version: 0.2.6
Check: Rd cross-references
Result: NOTE
Undeclared package ‘ggplot2’ in Rd xrefs
Flavor: r-devel-linux-x86_64-fedora-clang