Last updated on 2024-08-07 00:49:19 CEST.
Flavor | Version | Tinstall | Tcheck | Ttotal | Status | Flags |
---|---|---|---|---|---|---|
r-devel-linux-x86_64-debian-clang | 0.14.1 | 24.75 | 106.79 | 131.54 | NOTE | |
r-devel-linux-x86_64-debian-gcc | 0.14.1 | 16.93 | 75.68 | 92.61 | NOTE | |
r-devel-linux-x86_64-fedora-clang | 0.14.1 | 223.52 | NOTE | |||
r-devel-linux-x86_64-fedora-gcc | 0.14.1 | 229.87 | NOTE | |||
r-devel-windows-x86_64 | 0.14.1 | 29.00 | 136.00 | 165.00 | NOTE | |
r-patched-linux-x86_64 | 0.14.1 | 28.95 | 103.56 | 132.51 | NOTE | |
r-release-linux-x86_64 | 0.14.1 | 24.86 | 102.68 | 127.54 | NOTE | |
r-release-macos-arm64 | 0.14.1 | 68.00 | NOTE | |||
r-release-macos-x86_64 | 0.14.1 | 167.00 | NOTE | |||
r-release-windows-x86_64 | 0.14.1 | 33.00 | 139.00 | 172.00 | NOTE | |
r-oldrel-macos-arm64 | 0.14.1 | 77.00 | NOTE | |||
r-oldrel-macos-x86_64 | 0.14.1 | 188.00 | NOTE | |||
r-oldrel-windows-x86_64 | 0.14.1 | 38.00 | 172.00 | 210.00 | NOTE |
Version: 0.14.1
Check: package dependencies
Result: NOTE
Package suggested but not available for checking: ‘kanjistat.data’
Flavors: r-devel-linux-x86_64-debian-clang, r-devel-linux-x86_64-debian-gcc, r-devel-linux-x86_64-fedora-clang, r-devel-linux-x86_64-fedora-gcc, r-devel-windows-x86_64, r-patched-linux-x86_64, r-release-linux-x86_64, r-release-macos-arm64, r-release-macos-x86_64, r-release-windows-x86_64, r-oldrel-macos-arm64, r-oldrel-macos-x86_64, r-oldrel-windows-x86_64
Version: 0.14.1
Check: Rd cross-references
Result: NOTE
Found the following Rd file(s) with Rd \link{} targets missing package
anchors:
kanjivec.Rd: dendextend
Please provide package anchors for all Rd \link{} targets not in the
package itself and the base packages.
Flavors: r-devel-linux-x86_64-debian-clang, r-devel-linux-x86_64-debian-gcc, r-devel-windows-x86_64
Version: 0.14.1
Check: data for non-ASCII characters
Result: NOTE
Note: found 112688 marked UTF-8 strings
Flavors: r-devel-linux-x86_64-fedora-clang, r-devel-linux-x86_64-fedora-gcc