Last updated on 2024-07-18 00:54:56 CEST.
Flavor | Version | Tinstall | Tcheck | Ttotal | Status | Flags |
---|---|---|---|---|---|---|
r-devel-linux-x86_64-debian-clang | 0.1-0 | 8.75 | 63.27 | 72.02 | OK | |
r-devel-linux-x86_64-debian-gcc | 0.1-0 | 7.77 | 48.95 | 56.72 | OK | |
r-devel-linux-x86_64-fedora-clang | 0.1-0 | 99.32 | OK | |||
r-devel-linux-x86_64-fedora-gcc | 0.1-0 | 105.85 | OK | |||
r-devel-windows-x86_64 | 0.1-0 | 10.00 | 85.00 | 95.00 | OK | |
r-patched-linux-x86_64 | 0.1-0 | 8.87 | 60.43 | 69.30 | OK | |
r-release-linux-x86_64 | 0.1-0 | 8.88 | 60.40 | 69.28 | OK | |
r-release-macos-arm64 | 0.1-0 | 5.00 | ERROR | |||
r-release-macos-x86_64 | 0.1-0 | 9.00 | ERROR | |||
r-release-windows-x86_64 | 0.1-0 | 9.00 | 83.00 | 92.00 | OK | |
r-oldrel-macos-arm64 | 0.1-0 | 9.00 | ERROR | |||
r-oldrel-macos-x86_64 | 0.1-0 | 11.00 | ERROR | |||
r-oldrel-windows-x86_64 | 0.1-0 | 10.00 | 87.00 | 97.00 | OK |
Version: 0.1-0
Check: package dependencies
Result: ERROR
Package required but not available: ‘pbdMPI’
See section ‘The DESCRIPTION file’ in the ‘Writing R Extensions’
manual.
Flavors: r-release-macos-arm64, r-release-macos-x86_64, r-oldrel-macos-arm64, r-oldrel-macos-x86_64