Last updated on 2024-08-07 00:49:19 CEST.
Flavor | Version | Tinstall | Tcheck | Ttotal | Status | Flags |
---|---|---|---|---|---|---|
r-devel-linux-x86_64-debian-clang | 0.6.1 | 2.17 | 41.91 | 44.08 | NOTE | |
r-devel-linux-x86_64-debian-gcc | 0.6.1 | 1.86 | 32.94 | 34.80 | NOTE | |
r-devel-linux-x86_64-fedora-clang | 0.6.1 | 73.11 | NOTE | |||
r-devel-linux-x86_64-fedora-gcc | 0.6.1 | 82.40 | NOTE | |||
r-devel-windows-x86_64 | 0.6.1 | 3.00 | 66.00 | 69.00 | NOTE | |
r-patched-linux-x86_64 | 0.6.1 | 2.70 | 40.18 | 42.88 | NOTE | |
r-release-linux-x86_64 | 0.6.1 | 2.17 | 40.97 | 43.14 | NOTE | |
r-release-macos-arm64 | 0.6.1 | 37.00 | NOTE | |||
r-release-macos-x86_64 | 0.6.1 | 79.00 | NOTE | |||
r-release-windows-x86_64 | 0.6.1 | 3.00 | 67.00 | 70.00 | NOTE | |
r-oldrel-macos-arm64 | 0.6.1 | 36.00 | NOTE | |||
r-oldrel-macos-x86_64 | 0.6.1 | 51.00 | NOTE | |||
r-oldrel-windows-x86_64 | 0.6.1 | 4.00 | 67.00 | 71.00 | NOTE |
Version: 0.6.1
Check: LazyData
Result: NOTE
'LazyData' is specified without a 'data' directory
Flavors: r-devel-linux-x86_64-debian-clang, r-devel-linux-x86_64-debian-gcc, r-devel-linux-x86_64-fedora-clang, r-devel-linux-x86_64-fedora-gcc, r-devel-windows-x86_64, r-patched-linux-x86_64, r-release-linux-x86_64, r-release-macos-arm64, r-release-macos-x86_64, r-release-windows-x86_64, r-oldrel-macos-arm64, r-oldrel-macos-x86_64, r-oldrel-windows-x86_64
Version: 0.6.1
Check: dependencies in R code
Result: NOTE
Namespace in Imports field not imported from: ‘methods’
All declared Imports should be used.
Flavors: r-devel-linux-x86_64-fedora-clang, r-devel-linux-x86_64-fedora-gcc