Last updated on 2024-08-07 00:49:19 CEST.
Flavor | Version | Tinstall | Tcheck | Ttotal | Status | Flags |
---|---|---|---|---|---|---|
r-devel-linux-x86_64-debian-clang | 1.0-1 | 10.31 | 86.77 | 97.08 | OK | |
r-devel-linux-x86_64-debian-gcc | 1.0-1 | 7.83 | 66.35 | 74.18 | OK | |
r-devel-linux-x86_64-fedora-clang | 1.0-1 | 151.42 | NOTE | |||
r-devel-linux-x86_64-fedora-gcc | 1.0-1 | 143.26 | OK | |||
r-devel-windows-x86_64 | 1.0-1 | 10.00 | 95.00 | 105.00 | NOTE | |
r-patched-linux-x86_64 | 1.0-1 | 11.00 | 84.32 | 95.32 | OK | |
r-release-linux-x86_64 | 1.0-1 | 10.18 | 83.52 | 93.70 | OK | |
r-release-macos-arm64 | 1.0-1 | 45.00 | NOTE | |||
r-release-macos-x86_64 | 1.0-1 | 69.00 | NOTE | |||
r-release-windows-x86_64 | 1.0-1 | 13.00 | 95.00 | 108.00 | NOTE | |
r-oldrel-macos-arm64 | 1.0-1 | 48.00 | NOTE | |||
r-oldrel-macos-x86_64 | 1.0-1 | 89.00 | NOTE | |||
r-oldrel-windows-x86_64 | 1.0-1 | 14.00 | 113.00 | 127.00 | NOTE |
Version: 1.0-1
Check: installed package size
Result: NOTE
installed size is 8.4Mb
sub-directories of 1Mb or more:
data 8.3Mb
Flavors: r-devel-linux-x86_64-fedora-clang, r-devel-windows-x86_64, r-release-macos-arm64, r-release-macos-x86_64, r-release-windows-x86_64, r-oldrel-macos-arm64, r-oldrel-macos-x86_64, r-oldrel-windows-x86_64
Version: 1.0-1
Check: Rd cross-references
Result: NOTE
Undeclared package ‘spdep’ in Rd xrefs
Flavor: r-devel-linux-x86_64-fedora-clang