Last updated on 2024-08-07 00:49:19 CEST.
Flavor | Version | Tinstall | Tcheck | Ttotal | Status | Flags |
---|---|---|---|---|---|---|
r-devel-linux-x86_64-debian-clang | 0.3.1 | 94.06 | 67.21 | 161.27 | OK | |
r-devel-linux-x86_64-debian-gcc | 0.3.1 | 59.33 | 41.88 | 101.21 | OK | |
r-devel-linux-x86_64-fedora-clang | 0.3.1 | 246.51 | OK | |||
r-devel-linux-x86_64-fedora-gcc | 0.3.1 | 261.58 | OK | |||
r-devel-windows-x86_64 | 0.3.1 | 70.00 | 97.00 | 167.00 | OK | |
r-patched-linux-x86_64 | 0.3.1 | 77.07 | 62.03 | 139.10 | OK | |
r-release-linux-x86_64 | 0.3.1 | 72.11 | 62.70 | 134.81 | OK | |
r-release-macos-arm64 | 0.3.1 | 62.00 | NOTE | |||
r-release-macos-x86_64 | 0.3.1 | 98.00 | NOTE | |||
r-release-windows-x86_64 | 0.3.1 | 69.00 | 107.00 | 176.00 | OK | |
r-oldrel-macos-arm64 | 0.3.1 | 66.00 | NOTE | |||
r-oldrel-macos-x86_64 | 0.3.1 | 193.00 | NOTE | |||
r-oldrel-windows-x86_64 | 0.3.1 | 88.00 | 117.00 | 205.00 | OK |
Version: 0.3.1
Check: installed package size
Result: NOTE
installed size is 8.4Mb
sub-directories of 1Mb or more:
libs 8.2Mb
Flavors: r-release-macos-arm64, r-release-macos-x86_64, r-oldrel-macos-arm64, r-oldrel-macos-x86_64