Last updated on 2024-08-07 00:49:19 CEST.
Flavor | Version | Tinstall | Tcheck | Ttotal | Status | Flags |
---|---|---|---|---|---|---|
r-devel-linux-x86_64-debian-clang | 0.1.0 | 4.07 | 110.66 | 114.73 | NOTE | |
r-devel-linux-x86_64-debian-gcc | 0.1.0 | 3.30 | 71.87 | 75.17 | NOTE | |
r-devel-linux-x86_64-fedora-clang | 0.1.0 | 189.17 | OK | |||
r-devel-linux-x86_64-fedora-gcc | 0.1.0 | 189.82 | OK | |||
r-devel-windows-x86_64 | 0.1.0 | 6.00 | 126.00 | 132.00 | NOTE | |
r-patched-linux-x86_64 | 0.1.0 | 5.96 | 106.58 | 112.54 | OK | |
r-release-linux-x86_64 | 0.1.0 | 4.62 | 105.87 | 110.49 | OK | |
r-release-macos-arm64 | 0.1.0 | 55.00 | OK | |||
r-release-macos-x86_64 | 0.1.0 | 100.00 | OK | |||
r-release-windows-x86_64 | 0.1.0 | 6.00 | 129.00 | 135.00 | OK | |
r-oldrel-macos-arm64 | 0.1.0 | 61.00 | OK | |||
r-oldrel-macos-x86_64 | 0.1.0 | 102.00 | OK | |||
r-oldrel-windows-x86_64 | 0.1.0 | 7.00 | 138.00 | 145.00 | OK |
Version: 0.1.0
Check: Rd cross-references
Result: NOTE
Found the following Rd file(s) with Rd \link{} targets missing package
anchors:
layer.Rd: R6Class
leabRa.Rd: R6Class
network.Rd: R6Class
unit.Rd: R6Class
Please provide package anchors for all Rd \link{} targets not in the
package itself and the base packages.
Flavors: r-devel-linux-x86_64-debian-clang, r-devel-linux-x86_64-debian-gcc, r-devel-windows-x86_64