Last updated on 2024-08-07 00:49:19 CEST.
Flavor | Version | Tinstall | Tcheck | Ttotal | Status | Flags |
---|---|---|---|---|---|---|
r-devel-linux-x86_64-debian-clang | 0.3.5 | 27.75 | 240.00 | 267.75 | NOTE | |
r-devel-linux-x86_64-debian-gcc | 0.3.5 | 17.17 | 146.98 | 164.15 | NOTE | |
r-devel-linux-x86_64-fedora-clang | 0.3.5 | 441.75 | NOTE | |||
r-devel-linux-x86_64-fedora-gcc | 0.3.5 | 404.03 | NOTE | |||
r-devel-windows-x86_64 | 0.3.5 | 24.00 | 192.00 | 216.00 | NOTE | |
r-patched-linux-x86_64 | 0.3.5 | 28.16 | 224.69 | 252.85 | NOTE | |
r-release-linux-x86_64 | 0.3.5 | 25.55 | 226.75 | 252.30 | NOTE | |
r-release-macos-arm64 | 0.3.5 | 88.00 | NOTE | |||
r-release-macos-x86_64 | 0.3.5 | 156.00 | NOTE | |||
r-release-windows-x86_64 | 0.3.5 | 24.00 | 192.00 | 216.00 | NOTE | |
r-oldrel-macos-arm64 | 0.3.5 | 109.00 | NOTE | |||
r-oldrel-macos-x86_64 | 0.3.5 | 193.00 | NOTE | |||
r-oldrel-windows-x86_64 | 0.3.5 | 34.00 | 253.00 | 287.00 | NOTE |
Version: 0.3.5
Check: package subdirectories
Result: NOTE
Problems with news in ‘NEWS.md’:
Cannot extract version info from the following section titles:
light.interception.voxels() - This function create the Fraction absorbed incident light
light.interception.raster() - Create a raster of Fraction absorbed incident light
light.incident.voxels() - This function create the Fraction incident light
light.incident.raster() - Create a raster of the Fraction incident light
Flavors: r-devel-linux-x86_64-debian-clang, r-devel-linux-x86_64-debian-gcc, r-devel-linux-x86_64-fedora-clang, r-devel-linux-x86_64-fedora-gcc, r-devel-windows-x86_64, r-patched-linux-x86_64, r-release-linux-x86_64, r-release-macos-arm64, r-release-macos-x86_64, r-release-windows-x86_64, r-oldrel-macos-arm64, r-oldrel-macos-x86_64, r-oldrel-windows-x86_64