Last updated on 2024-08-07 00:49:20 CEST.
Flavor | Version | Tinstall | Tcheck | Ttotal | Status | Flags |
---|---|---|---|---|---|---|
r-devel-linux-x86_64-debian-clang | 0.4.3.1 | 9.39 | 121.43 | 130.82 | OK | |
r-devel-linux-x86_64-debian-gcc | 0.4.3.1 | 7.02 | 89.49 | 96.51 | OK | |
r-devel-linux-x86_64-fedora-clang | 0.4.3.1 | 220.13 | NOTE | |||
r-devel-linux-x86_64-fedora-gcc | 0.4.3.1 | 218.62 | OK | |||
r-devel-windows-x86_64 | 0.4.3.1 | 93.00 | 734.00 | 827.00 | NOTE | |
r-patched-linux-x86_64 | 0.4.3.1 | 9.88 | 114.34 | 124.22 | OK | |
r-release-linux-x86_64 | 0.4.3.1 | 9.44 | 115.59 | 125.03 | OK | |
r-release-macos-arm64 | 0.4.3.1 | 64.00 | NOTE | |||
r-release-macos-x86_64 | 0.4.3.1 | 96.00 | NOTE | |||
r-release-windows-x86_64 | 0.4.3.1 | 98.00 | 764.00 | 862.00 | NOTE | |
r-oldrel-macos-arm64 | 0.4.3.1 | 66.00 | NOTE | |||
r-oldrel-macos-x86_64 | 0.4.3.1 | 214.00 | NOTE | |||
r-oldrel-windows-x86_64 | 0.4.3.1 | 51.00 | 408.00 | 459.00 | NOTE |
Version: 0.4.3.1
Check: installed package size
Result: NOTE
installed size is 5.5Mb
sub-directories of 1Mb or more:
doc 5.3Mb
Flavors: r-devel-linux-x86_64-fedora-clang, r-devel-windows-x86_64, r-release-macos-arm64, r-release-macos-x86_64, r-release-windows-x86_64, r-oldrel-macos-arm64, r-oldrel-macos-x86_64, r-oldrel-windows-x86_64