Last updated on 2024-08-07 00:49:20 CEST.
Flavor | Version | Tinstall | Tcheck | Ttotal | Status | Flags |
---|---|---|---|---|---|---|
r-devel-linux-x86_64-debian-clang | 0.1.0 | 29.22 | 122.91 | 152.13 | OK | |
r-devel-linux-x86_64-debian-gcc | 0.1.0 | 17.43 | 85.14 | 102.57 | OK | |
r-devel-linux-x86_64-fedora-clang | 0.1.0 | 247.53 | NOTE | |||
r-devel-linux-x86_64-fedora-gcc | 0.1.0 | 230.59 | NOTE | |||
r-devel-windows-x86_64 | 0.1.0 | 30.00 | 129.00 | 159.00 | OK | |
r-patched-linux-x86_64 | 0.1.0 | 30.94 | 113.91 | 144.85 | OK | |
r-release-linux-x86_64 | 0.1.0 | 30.79 | 114.39 | 145.18 | OK | |
r-release-macos-arm64 | 0.1.0 | 61.00 | OK | |||
r-release-macos-x86_64 | 0.1.0 | 90.00 | OK | |||
r-release-windows-x86_64 | 0.1.0 | 27.00 | 128.00 | 155.00 | OK | |
r-oldrel-macos-arm64 | 0.1.0 | 68.00 | OK | |||
r-oldrel-macos-x86_64 | 0.1.0 | 113.00 | OK | |||
r-oldrel-windows-x86_64 | 0.1.0 | 40.00 | 155.00 | 195.00 | OK |
Version: 0.1.0
Check: dependencies in R code
Result: NOTE
Namespace in Imports field not imported from: ‘R6’
All declared Imports should be used.
Flavors: r-devel-linux-x86_64-fedora-clang, r-devel-linux-x86_64-fedora-gcc