Last updated on 2024-08-07 00:49:20 CEST.
Flavor | Version | Tinstall | Tcheck | Ttotal | Status | Flags |
---|---|---|---|---|---|---|
r-devel-linux-x86_64-debian-clang | 1.2.4 | 531.68 | 214.19 | 745.87 | NOTE | |
r-devel-linux-x86_64-debian-gcc | 1.2.4 | 427.83 | 176.53 | 604.36 | NOTE | |
r-devel-linux-x86_64-fedora-clang | 1.2.4 | 1137.06 | NOTE | |||
r-devel-linux-x86_64-fedora-gcc | 1.2.4 | 1556.30 | NOTE | |||
r-devel-windows-x86_64 | 1.2.4 | 474.00 | 264.00 | 738.00 | NOTE | |
r-patched-linux-x86_64 | 1.2.4 | 523.40 | 244.59 | 767.99 | NOTE | |
r-release-linux-x86_64 | 1.2.4 | 530.24 | 246.55 | 776.79 | NOTE | |
r-release-macos-arm64 | 1.2.4 | 282.00 | NOTE | |||
r-release-macos-x86_64 | 1.2.4 | 350.00 | NOTE | |||
r-release-windows-x86_64 | 1.2.4 | 472.00 | 268.00 | 740.00 | NOTE | |
r-oldrel-macos-arm64 | 1.2.4 | 350.00 | NOTE | |||
r-oldrel-macos-x86_64 | 1.2.4 | 628.00 | NOTE | |||
r-oldrel-windows-x86_64 | 1.2.4 | 656.00 | 325.00 | 981.00 | NOTE |
Version: 1.2.4
Check: Rd files
Result: NOTE
checkRd: (-1) prior_to_num.Rd:13: Lost braces; missing escapes or markup?
13 | {'uniform', 'normal', 'student-t', 'gamma', 'inv-gamma', 'log-normal'}
| ^
Flavors: r-devel-linux-x86_64-debian-clang, r-devel-linux-x86_64-debian-gcc, r-devel-linux-x86_64-fedora-clang, r-devel-linux-x86_64-fedora-gcc, r-devel-windows-x86_64, r-patched-linux-x86_64, r-release-linux-x86_64, r-release-macos-arm64, r-release-macos-x86_64, r-release-windows-x86_64
Version: 1.2.4
Check: for GNU extensions in Makefiles
Result: NOTE
GNU make is a SystemRequirements.
Flavors: r-devel-linux-x86_64-debian-clang, r-devel-linux-x86_64-debian-gcc, r-devel-linux-x86_64-fedora-clang, r-devel-linux-x86_64-fedora-gcc, r-devel-windows-x86_64, r-patched-linux-x86_64, r-release-linux-x86_64, r-release-macos-arm64, r-release-macos-x86_64, r-release-windows-x86_64, r-oldrel-macos-arm64, r-oldrel-macos-x86_64, r-oldrel-windows-x86_64
Version: 1.2.4
Check: installed package size
Result: NOTE
installed size is 7.1Mb
sub-directories of 1Mb or more:
libs 5.8Mb
Flavors: r-devel-linux-x86_64-fedora-clang, r-devel-windows-x86_64, r-release-macos-arm64, r-release-macos-x86_64, r-release-windows-x86_64, r-oldrel-macos-arm64, r-oldrel-macos-x86_64, r-oldrel-windows-x86_64