Last updated on 2024-08-07 00:49:20 CEST.
Flavor | Version | Tinstall | Tcheck | Ttotal | Status | Flags |
---|---|---|---|---|---|---|
r-devel-linux-x86_64-debian-clang | 1.3.0 | 8.15 | 81.59 | 89.74 | NOTE | |
r-devel-linux-x86_64-debian-gcc | 1.3.0 | 5.66 | 56.82 | 62.48 | NOTE | |
r-devel-linux-x86_64-fedora-clang | 1.3.0 | 150.86 | NOTE | |||
r-devel-linux-x86_64-fedora-gcc | 1.3.0 | 150.59 | NOTE | |||
r-devel-windows-x86_64 | 1.3.0 | 10.00 | 97.00 | 107.00 | NOTE | |
r-patched-linux-x86_64 | 1.3.0 | 8.37 | 77.03 | 85.40 | NOTE | |
r-release-linux-x86_64 | 1.3.0 | 7.35 | 78.48 | 85.83 | NOTE | |
r-release-macos-arm64 | 1.3.0 | 49.00 | NOTE | |||
r-release-macos-x86_64 | 1.3.0 | 124.00 | NOTE | |||
r-release-windows-x86_64 | 1.3.0 | 12.00 | 96.00 | 108.00 | NOTE | |
r-oldrel-macos-arm64 | 1.3.0 | 44.00 | NOTE | |||
r-oldrel-macos-x86_64 | 1.3.0 | 82.00 | NOTE | |||
r-oldrel-windows-x86_64 | 1.3.0 | 13.00 | 112.00 | 125.00 | NOTE |
Version: 1.3.0
Check: LazyData
Result: NOTE
'LazyData' is specified without a 'data' directory
Flavors: r-devel-linux-x86_64-debian-clang, r-devel-linux-x86_64-debian-gcc, r-devel-linux-x86_64-fedora-clang, r-devel-linux-x86_64-fedora-gcc, r-devel-windows-x86_64, r-patched-linux-x86_64, r-release-linux-x86_64, r-release-macos-arm64, r-release-macos-x86_64, r-release-windows-x86_64, r-oldrel-macos-arm64, r-oldrel-macos-x86_64, r-oldrel-windows-x86_64