Last updated on 2024-08-07 00:49:20 CEST.
Flavor | Version | Tinstall | Tcheck | Ttotal | Status | Flags |
---|---|---|---|---|---|---|
r-devel-linux-x86_64-debian-clang | 0.4.0 | 1.88 | 28.00 | 29.88 | OK | |
r-devel-linux-x86_64-debian-gcc | 0.4.0 | 1.73 | 21.50 | 23.23 | OK | |
r-devel-linux-x86_64-fedora-clang | 0.4.0 | 49.92 | NOTE | |||
r-devel-linux-x86_64-fedora-gcc | 0.4.0 | 47.09 | OK | |||
r-devel-windows-x86_64 | 0.4.0 | 3.00 | 49.00 | 52.00 | OK | |
r-patched-linux-x86_64 | 0.4.0 | 2.66 | 26.71 | 29.37 | OK | |
r-release-linux-x86_64 | 0.4.0 | 2.19 | 26.79 | 28.98 | OK | |
r-release-macos-arm64 | 0.4.0 | 20.00 | OK | |||
r-release-macos-x86_64 | 0.4.0 | 26.00 | OK | |||
r-release-windows-x86_64 | 0.4.0 | 3.00 | 50.00 | 53.00 | OK | |
r-oldrel-macos-arm64 | 0.4.0 | 26.00 | OK | |||
r-oldrel-macos-x86_64 | 0.4.0 | 45.00 | OK | |||
r-oldrel-windows-x86_64 | 0.4.0 | 3.00 | 52.00 | 55.00 | OK |
Version: 0.4.0
Check: Rd cross-references
Result: NOTE
Undeclared package ‘keras’ in Rd xrefs
Flavor: r-devel-linux-x86_64-fedora-clang