Last updated on 2024-08-07 00:49:20 CEST.
Flavor | Version | Tinstall | Tcheck | Ttotal | Status | Flags |
---|---|---|---|---|---|---|
r-devel-linux-x86_64-debian-clang | 1.0.0 | 5.18 | 95.75 | 100.93 | OK | |
r-devel-linux-x86_64-debian-gcc | 1.0.0 | 4.03 | 69.45 | 73.48 | OK | |
r-devel-linux-x86_64-fedora-clang | 1.0.0 | 175.45 | NOTE | |||
r-devel-linux-x86_64-fedora-gcc | 1.0.0 | 178.29 | NOTE | |||
r-devel-windows-x86_64 | 1.0.0 | 6.00 | 122.00 | 128.00 | OK | |
r-patched-linux-x86_64 | 1.0.0 | 5.48 | 94.25 | 99.73 | OK | |
r-release-linux-x86_64 | 1.0.0 | 5.39 | 95.21 | 100.60 | OK | |
r-release-macos-arm64 | 1.0.0 | 55.00 | OK | |||
r-release-macos-x86_64 | 1.0.0 | 99.00 | OK | |||
r-release-windows-x86_64 | 1.0.0 | 8.00 | 122.00 | 130.00 | OK | |
r-oldrel-macos-arm64 | 1.0.0 | 56.00 | OK | |||
r-oldrel-macos-x86_64 | 1.0.0 | 83.00 | OK | |||
r-oldrel-windows-x86_64 | 1.0.0 | 9.00 | 134.00 | 143.00 | OK |
Version: 1.0.0
Check: data for non-ASCII characters
Result: NOTE
Note: found 888 marked UTF-8 strings
Flavors: r-devel-linux-x86_64-fedora-clang, r-devel-linux-x86_64-fedora-gcc