Last updated on 2024-08-07 00:49:20 CEST.
Flavor | Version | Tinstall | Tcheck | Ttotal | Status | Flags |
---|---|---|---|---|---|---|
r-devel-linux-x86_64-debian-clang | 0.1.0 | 9.34 | 73.59 | 82.93 | NOTE | |
r-devel-linux-x86_64-debian-gcc | 0.1.0 | 6.75 | 54.42 | 61.17 | NOTE | |
r-devel-linux-x86_64-fedora-clang | 0.1.0 | 133.19 | NOTE | |||
r-devel-linux-x86_64-fedora-gcc | 0.1.0 | 123.85 | NOTE | |||
r-devel-windows-x86_64 | 0.1.0 | 10.00 | 84.00 | 94.00 | NOTE | |
r-patched-linux-x86_64 | 0.1.0 | 7.83 | 70.13 | 77.96 | NOTE | |
r-release-linux-x86_64 | 0.1.0 | 7.50 | 70.32 | 77.82 | NOTE | |
r-release-macos-arm64 | 0.1.0 | 40.00 | NOTE | |||
r-release-macos-x86_64 | 0.1.0 | 66.00 | NOTE | |||
r-release-windows-x86_64 | 0.1.0 | 10.00 | 84.00 | 94.00 | NOTE | |
r-oldrel-macos-arm64 | 0.1.0 | 41.00 | NOTE | |||
r-oldrel-macos-x86_64 | 0.1.0 | 73.00 | NOTE | |||
r-oldrel-windows-x86_64 | 0.1.0 | 12.00 | 97.00 | 109.00 | NOTE |
Version: 0.1.0
Check: LazyData
Result: NOTE
'LazyData' is specified without a 'data' directory
Flavors: r-devel-linux-x86_64-debian-clang, r-devel-linux-x86_64-debian-gcc, r-devel-linux-x86_64-fedora-clang, r-devel-linux-x86_64-fedora-gcc, r-devel-windows-x86_64, r-patched-linux-x86_64, r-release-linux-x86_64, r-release-macos-arm64, r-release-macos-x86_64, r-release-windows-x86_64, r-oldrel-macos-arm64, r-oldrel-macos-x86_64, r-oldrel-windows-x86_64
Version: 0.1.0
Check: dependencies in R code
Result: NOTE
Namespace in Imports field not imported from: ‘Matrix’
All declared Imports should be used.
Flavors: r-devel-linux-x86_64-fedora-clang, r-devel-linux-x86_64-fedora-gcc