Last updated on 2024-08-07 00:49:20 CEST.
Flavor | Version | Tinstall | Tcheck | Ttotal | Status | Flags |
---|---|---|---|---|---|---|
r-devel-linux-x86_64-debian-clang | 3.1-3 | 11.38 | 208.43 | 219.81 | OK | |
r-devel-linux-x86_64-debian-gcc | 3.1-3 | 8.08 | 142.42 | 150.50 | OK | |
r-devel-linux-x86_64-fedora-clang | 3.1-3 | 355.63 | OK | |||
r-devel-linux-x86_64-fedora-gcc | 3.1-3 | 331.34 | OK | |||
r-devel-windows-x86_64 | 3.1-3 | 15.00 | 201.00 | 216.00 | OK | |
r-patched-linux-x86_64 | 3.1-3 | 11.41 | 198.18 | 209.59 | OK | |
r-release-linux-x86_64 | 3.1-3 | 10.80 | 200.06 | 210.86 | OK | |
r-release-macos-arm64 | 3.1-3 | 96.00 | OK | |||
r-release-macos-x86_64 | 3.1-3 | 139.00 | OK | |||
r-release-windows-x86_64 | 3.1-3 | 14.00 | 203.00 | 217.00 | OK | |
r-oldrel-macos-arm64 | 3.1-3 | 108.00 | OK | |||
r-oldrel-macos-x86_64 | 3.1-3 | 183.00 | NOTE | |||
r-oldrel-windows-x86_64 | 3.1-3 | 19.00 | 250.00 | 269.00 | OK |
Version: 3.1-3
Check: package dependencies
Result: NOTE
Package suggested but not available for checking: ‘pbkrtest’
Flavor: r-oldrel-macos-x86_64
Version: 3.1-3
Check: Rd cross-references
Result: NOTE
Package unavailable to check Rd xrefs: ‘pbkrtest’
Flavor: r-oldrel-macos-x86_64