Last updated on 2024-08-07 00:49:20 CEST.
Flavor | Version | Tinstall | Tcheck | Ttotal | Status | Flags |
---|---|---|---|---|---|---|
r-devel-linux-x86_64-debian-clang | 0.3.1 | 54.73 | 455.58 | 510.31 | OK | |
r-devel-linux-x86_64-debian-gcc | 0.3.1 | 37.78 | 328.07 | 365.85 | OK | |
r-devel-linux-x86_64-fedora-clang | 0.3.1 | 844.98 | OK | |||
r-devel-linux-x86_64-fedora-gcc | 0.3.1 | 799.15 | OK | |||
r-devel-windows-x86_64 | 0.3.1 | 46.00 | 387.00 | 433.00 | OK | |
r-patched-linux-x86_64 | 0.3.1 | 45.75 | 438.38 | 484.13 | OK | |
r-release-linux-x86_64 | 0.3.1 | 51.94 | 443.42 | 495.36 | OK | |
r-release-macos-arm64 | 0.3.1 | 201.00 | NOTE | |||
r-release-macos-x86_64 | 0.3.1 | 570.00 | NOTE | |||
r-release-windows-x86_64 | 0.3.1 | 48.00 | 405.00 | 453.00 | OK | |
r-oldrel-macos-arm64 | 0.3.1 | 226.00 | NOTE | |||
r-oldrel-macos-x86_64 | 0.3.1 | 410.00 | NOTE | |||
r-oldrel-windows-x86_64 | 0.3.1 | 68.00 | 451.00 | 519.00 | NOTE |
Version: 0.3.1
Check: package dependencies
Result: NOTE
Package suggested but not available for checking: ‘EnsDb.Hsapiens.v75’
Flavors: r-release-macos-arm64, r-release-macos-x86_64, r-oldrel-macos-arm64, r-oldrel-macos-x86_64, r-oldrel-windows-x86_64
Version: 0.3.1
Check: re-building of vignette outputs
Result: NOTE
Note: skipping ‘locuszoomr.Rmd’ due to unavailable dependencies:
'EnsDb.Hsapiens.v75'
Flavors: r-release-macos-arm64, r-release-macos-x86_64, r-oldrel-macos-arm64, r-oldrel-macos-x86_64, r-oldrel-windows-x86_64