Last updated on 2024-08-07 00:49:20 CEST.
Flavor | Version | Tinstall | Tcheck | Ttotal | Status | Flags |
---|---|---|---|---|---|---|
r-devel-linux-x86_64-debian-clang | 0.9.3 | 8.56 | 536.54 | 545.10 | OK | |
r-devel-linux-x86_64-debian-gcc | 0.9.3 | 5.84 | 321.27 | 327.11 | OK | |
r-devel-linux-x86_64-fedora-clang | 0.9.3 | 931.47 | NOTE | |||
r-devel-linux-x86_64-fedora-gcc | 0.9.3 | 837.47 | NOTE | |||
r-devel-windows-x86_64 | 0.9.3 | 11.00 | 514.00 | 525.00 | OK | |
r-patched-linux-x86_64 | 0.9.3 | 8.50 | 517.52 | 526.02 | OK | |
r-release-linux-x86_64 | 0.9.3 | 7.57 | 520.32 | 527.89 | OK | |
r-release-macos-arm64 | 0.9.3 | 221.00 | OK | |||
r-release-macos-x86_64 | 0.9.3 | 362.00 | OK | |||
r-release-windows-x86_64 | 0.9.3 | 11.00 | 522.00 | 533.00 | OK | |
r-oldrel-macos-arm64 | 0.9.3 | 242.00 | OK | |||
r-oldrel-macos-x86_64 | 0.9.3 | 596.00 | OK | |||
r-oldrel-windows-x86_64 | 0.9.3 | 13.00 | 674.00 | 687.00 | OK |
Version: 0.9.3
Check: data for non-ASCII characters
Result: NOTE
Note: found 3 marked UTF-8 strings
Flavors: r-devel-linux-x86_64-fedora-clang, r-devel-linux-x86_64-fedora-gcc