Last updated on 2024-08-07 00:49:20 CEST.
Flavor | Version | Tinstall | Tcheck | Ttotal | Status | Flags |
---|---|---|---|---|---|---|
r-devel-linux-x86_64-debian-clang | 0.3.5 | 191.17 | 56.24 | 247.41 | NOTE | |
r-devel-linux-x86_64-debian-gcc | 0.3.5 | 148.74 | 40.14 | 188.88 | NOTE | |
r-devel-linux-x86_64-fedora-clang | 0.3.5 | 416.15 | NOTE | |||
r-devel-linux-x86_64-fedora-gcc | 0.3.5 | 551.02 | NOTE | |||
r-devel-windows-x86_64 | 0.3.5 | 201.00 | 110.00 | 311.00 | NOTE | |
r-patched-linux-x86_64 | 0.3.5 | 198.53 | 53.11 | 251.64 | NOTE | |
r-release-linux-x86_64 | 0.3.5 | 198.97 | 54.10 | 253.07 | NOTE | |
r-release-macos-arm64 | 0.3.5 | 114.00 | NOTE | |||
r-release-macos-x86_64 | 0.3.5 | 119.00 | NOTE | |||
r-release-windows-x86_64 | 0.3.5 | 203.00 | 114.00 | 317.00 | NOTE | |
r-oldrel-macos-arm64 | 0.3.5 | 130.00 | NOTE | |||
r-oldrel-macos-x86_64 | 0.3.5 | 127.00 | NOTE | |||
r-oldrel-windows-x86_64 | 0.3.5 | 232.00 | 129.00 | 361.00 | NOTE |
Version: 0.3.5
Check: C++ specification
Result: NOTE
Specified C++14: please drop specification unless essential
Flavors: r-devel-linux-x86_64-debian-clang, r-devel-linux-x86_64-debian-gcc, r-devel-linux-x86_64-fedora-clang, r-devel-linux-x86_64-fedora-gcc, r-devel-windows-x86_64, r-patched-linux-x86_64, r-release-linux-x86_64, r-release-macos-arm64, r-release-macos-x86_64, r-release-windows-x86_64, r-oldrel-macos-arm64, r-oldrel-macos-x86_64, r-oldrel-windows-x86_64
Version: 0.3.5
Check: compiled code
Result: NOTE
File ‘mapdeck/libs/mapdeck.so’:
Found non-API call to R: ‘SET_TYPEOF’
Compiled code should not call non-API entry points in R.
See ‘Writing portable packages’ in the ‘Writing R Extensions’ manual,
and section ‘Moving into C API compliance’ for issues with the use of
non-API entry points.
Flavors: r-devel-linux-x86_64-debian-clang, r-devel-linux-x86_64-debian-gcc, r-devel-linux-x86_64-fedora-clang, r-devel-linux-x86_64-fedora-gcc
Version: 0.3.5
Check: installed package size
Result: NOTE
installed size is 9.4Mb
sub-directories of 1Mb or more:
data 1.3Mb
doc 1.6Mb
htmlwidgets 3.6Mb
libs 2.4Mb
Flavors: r-devel-linux-x86_64-fedora-clang, r-devel-windows-x86_64, r-release-macos-arm64, r-release-macos-x86_64, r-release-windows-x86_64, r-oldrel-macos-arm64, r-oldrel-macos-x86_64, r-oldrel-windows-x86_64
Version: 0.3.5
Check: compiled code
Result: NOTE
File 'mapdeck/libs/x64/mapdeck.dll':
Found non-API call to R: 'SET_TYPEOF'
Compiled code should not call non-API entry points in R.
See 'Writing portable packages' in the 'Writing R Extensions' manual,
and section 'Moving into C API compliance' for issues with the use of
non-API entry points.
Flavor: r-devel-windows-x86_64