Last updated on 2024-08-07 00:49:20 CEST.
Flavor | Version | Tinstall | Tcheck | Ttotal | Status | Flags |
---|---|---|---|---|---|---|
r-devel-linux-x86_64-debian-clang | 0.3 | 85.17 | 26.86 | 112.03 | OK | |
r-devel-linux-x86_64-debian-gcc | 0.3 | 66.49 | 25.88 | 92.37 | OK | |
r-devel-linux-x86_64-fedora-clang | 0.3 | 170.29 | OK | |||
r-devel-linux-x86_64-fedora-gcc | 0.3 | 225.17 | OK | |||
r-devel-windows-x86_64 | 0.3 | 75.00 | 75.00 | 150.00 | OK | |
r-patched-linux-x86_64 | 0.3 | 80.50 | 32.65 | 113.15 | OK | |
r-release-linux-x86_64 | 0.3 | 88.37 | 33.15 | 121.52 | OK | |
r-release-macos-arm64 | 0.3 | 53.00 | NOTE | |||
r-release-macos-x86_64 | 0.3 | 96.00 | NOTE | |||
r-release-windows-x86_64 | 0.3 | 76.00 | 70.00 | 146.00 | OK | |
r-oldrel-macos-arm64 | 0.3 | 56.00 | NOTE | |||
r-oldrel-macos-x86_64 | 0.3 | 131.00 | NOTE | |||
r-oldrel-windows-x86_64 | 0.3 | 100.00 | 81.00 | 181.00 | OK |
Version: 0.3
Check: installed package size
Result: NOTE
installed size is 49.1Mb
sub-directories of 1Mb or more:
libs 48.8Mb
Flavors: r-release-macos-arm64, r-release-macos-x86_64, r-oldrel-macos-arm64, r-oldrel-macos-x86_64