Last updated on 2024-08-07 00:49:21 CEST.
Flavor | Version | Tinstall | Tcheck | Ttotal | Status | Flags |
---|---|---|---|---|---|---|
r-devel-linux-x86_64-debian-clang | 0.1-11 | 24.41 | 213.09 | 237.50 | NOTE | |
r-devel-linux-x86_64-debian-gcc | 0.1-11 | 16.99 | 136.96 | 153.95 | NOTE | |
r-devel-linux-x86_64-fedora-clang | 0.1-11 | 389.52 | OK | |||
r-devel-linux-x86_64-fedora-gcc | 0.1-11 | 358.96 | OK | |||
r-devel-windows-x86_64 | 0.1-11 | 23.00 | 175.00 | 198.00 | NOTE | |
r-patched-linux-x86_64 | 0.1-11 | 22.54 | 203.97 | 226.51 | OK | |
r-release-linux-x86_64 | 0.1-11 | 23.76 | 206.55 | 230.31 | OK | |
r-release-macos-arm64 | 0.1-11 | 80.00 | OK | |||
r-release-macos-x86_64 | 0.1-11 | 152.00 | OK | |||
r-release-windows-x86_64 | 0.1-11 | 22.00 | 169.00 | 191.00 | OK | |
r-oldrel-macos-arm64 | 0.1-11 | 87.00 | OK | |||
r-oldrel-macos-x86_64 | 0.1-11 | 262.00 | OK | |||
r-oldrel-windows-x86_64 | 0.1-11 | 31.00 | 231.00 | 262.00 | OK |
Version: 0.1-11
Check: Rd cross-references
Result: NOTE
Found the following Rd file(s) with Rd \link{} targets missing package
anchors:
carw.Rd: raster
maxlike-package.Rd: raster
maxlike.Rd: raster-package, raster
Please provide package anchors for all Rd \link{} targets not in the
package itself and the base packages.
Flavors: r-devel-linux-x86_64-debian-clang, r-devel-linux-x86_64-debian-gcc, r-devel-windows-x86_64