Last updated on 2024-08-07 00:49:21 CEST.
Flavor | Version | Tinstall | Tcheck | Ttotal | Status | Flags |
---|---|---|---|---|---|---|
r-devel-linux-x86_64-debian-clang | 6.1.1 | 41.71 | 214.11 | 255.82 | OK | |
r-devel-linux-x86_64-debian-gcc | 6.1.1 | 24.46 | 130.63 | 155.09 | OK | |
r-devel-linux-x86_64-fedora-clang | 6.1.1 | 437.65 | NOTE | |||
r-devel-linux-x86_64-fedora-gcc | 6.1.1 | 390.10 | OK | |||
r-devel-windows-x86_64 | 6.1.1 | 39.00 | 250.00 | 289.00 | NOTE | |
r-patched-linux-x86_64 | 6.1.1 | 36.86 | 183.57 | 220.43 | OK | |
r-release-linux-x86_64 | 6.1.1 | 34.03 | 185.98 | 220.01 | OK | |
r-release-macos-arm64 | 6.1.1 | 127.00 | NOTE | |||
r-release-macos-x86_64 | 6.1.1 | 147.00 | NOTE | |||
r-release-windows-x86_64 | 6.1.1 | 43.00 | 250.00 | 293.00 | NOTE | |
r-oldrel-macos-arm64 | 6.1.1 | 133.00 | NOTE | |||
r-oldrel-macos-x86_64 | 6.1.1 | 353.00 | NOTE | |||
r-oldrel-windows-x86_64 | 6.1.1 | 38.00 | 284.00 | 322.00 | NOTE |
Version: 6.1.1
Check: installed package size
Result: NOTE
installed size is 5.3Mb
sub-directories of 1Mb or more:
doc 2.9Mb
Flavors: r-devel-linux-x86_64-fedora-clang, r-devel-windows-x86_64, r-release-macos-arm64, r-release-macos-x86_64, r-release-windows-x86_64, r-oldrel-macos-arm64, r-oldrel-macos-x86_64, r-oldrel-windows-x86_64