Last updated on 2024-08-07 00:49:21 CEST.
Flavor | Version | Tinstall | Tcheck | Ttotal | Status | Flags |
---|---|---|---|---|---|---|
r-devel-linux-x86_64-debian-clang | 0.99.31.7 | 31.92 | 146.91 | 178.83 | OK | |
r-devel-linux-x86_64-debian-gcc | 0.99.31.7 | 22.18 | 94.67 | 116.85 | OK | |
r-devel-linux-x86_64-fedora-clang | 0.99.31.7 | 301.16 | NOTE | |||
r-devel-linux-x86_64-fedora-gcc | 0.99.31.7 | 291.55 | OK | |||
r-devel-windows-x86_64 | 0.99.31.7 | 37.00 | 158.00 | 195.00 | NOTE | |
r-patched-linux-x86_64 | 0.99.31.7 | 29.04 | 136.39 | 165.43 | OK | |
r-release-linux-x86_64 | 0.99.31.7 | 29.44 | 138.22 | 167.66 | OK | |
r-release-macos-arm64 | 0.99.31.7 | 74.00 | NOTE | |||
r-release-macos-x86_64 | 0.99.31.7 | 154.00 | NOTE | |||
r-release-windows-x86_64 | 0.99.31.7 | 34.00 | 160.00 | 194.00 | NOTE | |
r-oldrel-macos-arm64 | 0.99.31.7 | 101.00 | NOTE | |||
r-oldrel-macos-x86_64 | 0.99.31.7 | 252.00 | NOTE | |||
r-oldrel-windows-x86_64 | 0.99.31.7 | 40.00 | 199.00 | 239.00 | NOTE |
Version: 0.99.31.7
Check: installed package size
Result: NOTE
installed size is 5.4Mb
sub-directories of 1Mb or more:
R 1.4Mb
doc 3.1Mb
Flavors: r-devel-linux-x86_64-fedora-clang, r-devel-windows-x86_64, r-release-macos-arm64, r-release-macos-x86_64, r-release-windows-x86_64, r-oldrel-macos-arm64, r-oldrel-macos-x86_64, r-oldrel-windows-x86_64