Last updated on 2024-08-07 00:49:21 CEST.
Flavor | Version | Tinstall | Tcheck | Ttotal | Status | Flags |
---|---|---|---|---|---|---|
r-devel-linux-x86_64-debian-clang | 1.0.0 | 5.75 | 50.15 | 55.90 | NOTE | |
r-devel-linux-x86_64-debian-gcc | 1.0.0 | 4.98 | 37.18 | 42.16 | NOTE | |
r-devel-linux-x86_64-fedora-clang | 1.0.0 | 87.13 | NOTE | |||
r-devel-linux-x86_64-fedora-gcc | 1.0.0 | 81.70 | NOTE | |||
r-devel-windows-x86_64 | 1.0.0 | 7.00 | 62.00 | 69.00 | NOTE | |
r-patched-linux-x86_64 | 1.0.0 | 5.64 | 46.90 | 52.54 | NOTE | |
r-release-linux-x86_64 | 1.0.0 | 6.12 | 46.15 | 52.27 | NOTE | |
r-release-macos-arm64 | 1.0.0 | 27.00 | NOTE | |||
r-release-macos-x86_64 | 1.0.0 | 66.00 | NOTE | |||
r-release-windows-x86_64 | 1.0.0 | 6.00 | 61.00 | 67.00 | NOTE | |
r-oldrel-macos-arm64 | 1.0.0 | 29.00 | NOTE | |||
r-oldrel-macos-x86_64 | 1.0.0 | 48.00 | NOTE | |||
r-oldrel-windows-x86_64 | 1.0.0 | 6.00 | 73.00 | 79.00 | NOTE |
Version: 1.0.0
Check: LazyData
Result: NOTE
'LazyData' is specified without a 'data' directory
Flavors: r-devel-linux-x86_64-debian-clang, r-devel-linux-x86_64-debian-gcc, r-devel-linux-x86_64-fedora-clang, r-devel-linux-x86_64-fedora-gcc, r-devel-windows-x86_64, r-patched-linux-x86_64, r-release-linux-x86_64, r-release-macos-arm64, r-release-macos-x86_64, r-release-windows-x86_64, r-oldrel-macos-arm64, r-oldrel-macos-x86_64, r-oldrel-windows-x86_64