Last updated on 2024-08-07 00:49:21 CEST.
Flavor | Version | Tinstall | Tcheck | Ttotal | Status | Flags |
---|---|---|---|---|---|---|
r-devel-linux-x86_64-debian-clang | 0.56 | 26.83 | 226.13 | 252.96 | NOTE | |
r-devel-linux-x86_64-debian-gcc | 0.56 | 16.69 | 145.91 | 162.60 | NOTE | |
r-devel-linux-x86_64-fedora-clang | 0.56 | 422.95 | OK | |||
r-devel-linux-x86_64-fedora-gcc | 0.56 | 381.18 | OK | |||
r-devel-windows-x86_64 | 0.56 | 24.00 | 175.00 | 199.00 | NOTE | |
r-patched-linux-x86_64 | 0.56 | 26.60 | 218.68 | 245.28 | OK | |
r-release-linux-x86_64 | 0.56 | 22.68 | 216.69 | 239.37 | OK | |
r-release-macos-arm64 | 0.56 | 84.00 | OK | |||
r-release-macos-x86_64 | 0.56 | 145.00 | OK | |||
r-release-windows-x86_64 | 0.56 | 23.00 | 175.00 | 198.00 | OK | |
r-oldrel-macos-arm64 | 0.56 | 90.00 | OK | |||
r-oldrel-macos-x86_64 | 0.56 | 171.00 | OK | |||
r-oldrel-windows-x86_64 | 0.56 | 34.00 | 243.00 | 277.00 | OK |
Version: 0.56
Check: Rd cross-references
Result: NOTE
Found the following Rd file(s) with Rd \link{} targets missing package
anchors:
getRaster.Rd: Extent, extent, getZ
meteo-package.Rd: raster, zoo
Please provide package anchors for all Rd \link{} targets not in the
package itself and the base packages.
Flavors: r-devel-linux-x86_64-debian-clang, r-devel-linux-x86_64-debian-gcc, r-devel-windows-x86_64