Last updated on 2024-08-07 00:49:21 CEST.
Flavor | Version | Tinstall | Tcheck | Ttotal | Status | Flags |
---|---|---|---|---|---|---|
r-devel-linux-x86_64-debian-clang | 2.0.44 | 7.84 | 94.19 | 102.03 | OK | |
r-devel-linux-x86_64-debian-gcc | 2.0.44 | 5.04 | 69.54 | 74.58 | OK | |
r-devel-linux-x86_64-fedora-clang | 2.0.44 | 172.06 | OK | |||
r-devel-linux-x86_64-fedora-gcc | 2.0.44 | 180.18 | OK | |||
r-devel-windows-x86_64 | 2.0.44 | 8.00 | 112.00 | 120.00 | OK | |
r-patched-linux-x86_64 | 2.0.44 | 6.35 | 94.25 | 100.60 | OK | |
r-release-linux-x86_64 | 2.0.44 | 7.89 | 92.37 | 100.26 | OK | |
r-release-macos-arm64 | 2.0.44 | 50.00 | OK | |||
r-release-macos-x86_64 | 2.0.44 | 96.00 | NOTE | |||
r-release-windows-x86_64 | 2.0.44 | 8.00 | 112.00 | 120.00 | OK | |
r-oldrel-macos-arm64 | 2.0.44 | 49.00 | OK | |||
r-oldrel-macos-x86_64 | 2.0.44 | 139.00 | NOTE | |||
r-oldrel-windows-x86_64 | 2.0.44 | 11.00 | 117.00 | 128.00 | OK |
Version: 2.0.44
Check: installed package size
Result: NOTE
installed size is 5.5Mb
sub-directories of 1Mb or more:
data 2.9Mb
doc 1.7Mb
Flavors: r-release-macos-x86_64, r-oldrel-macos-x86_64