Last updated on 2024-08-07 00:49:21 CEST.
Flavor | Version | Tinstall | Tcheck | Ttotal | Status | Flags |
---|---|---|---|---|---|---|
r-devel-linux-x86_64-debian-clang | 0.1.2 | 239.72 | 42.50 | 282.22 | OK | |
r-devel-linux-x86_64-debian-gcc | 0.1.2 | 154.53 | 28.61 | 183.14 | OK | |
r-devel-linux-x86_64-fedora-clang | 0.1.2 | 530.24 | OK | |||
r-devel-linux-x86_64-fedora-gcc | 0.1.2 | 573.83 | OK | |||
r-devel-windows-x86_64 | 0.1.2 | 226.00 | 82.00 | 308.00 | OK | |
r-patched-linux-x86_64 | 0.1.2 | 205.83 | 38.31 | 244.14 | OK | |
r-release-linux-x86_64 | 0.1.2 | 215.43 | 37.38 | 252.81 | OK | |
r-release-macos-arm64 | 0.1.2 | 103.00 | NOTE | |||
r-release-macos-x86_64 | 0.1.2 | 106.00 | NOTE | |||
r-release-windows-x86_64 | 0.1.2 | 225.00 | 84.00 | 309.00 | OK | |
r-oldrel-macos-arm64 | 0.1.2 | 111.00 | NOTE | |||
r-oldrel-macos-x86_64 | 0.1.2 | 134.00 | NOTE | |||
r-oldrel-windows-x86_64 | 0.1.2 | 264.00 | 97.00 | 361.00 | OK |
Version: 0.1.2
Check: installed package size
Result: NOTE
installed size is 13.1Mb
sub-directories of 1Mb or more:
libs 13.0Mb
Flavors: r-release-macos-arm64, r-release-macos-x86_64, r-oldrel-macos-arm64, r-oldrel-macos-x86_64