Last updated on 2024-08-07 00:49:21 CEST.
Flavor | Version | Tinstall | Tcheck | Ttotal | Status | Flags |
---|---|---|---|---|---|---|
r-devel-linux-x86_64-debian-clang | 0.2.1 | 63.75 | 806.80 | 870.55 | OK | |
r-devel-linux-x86_64-debian-gcc | 0.2.1 | 42.46 | 506.62 | 549.08 | OK | |
r-devel-linux-x86_64-fedora-clang | 0.2.1 | 1472.26 | OK | |||
r-devel-linux-x86_64-fedora-gcc | 0.2.1 | 1406.38 | OK | |||
r-devel-windows-x86_64 | 0.2.1 | 72.00 | 520.00 | 592.00 | OK | |
r-patched-linux-x86_64 | 0.2.1 | 61.56 | 767.73 | 829.29 | OK | |
r-release-linux-x86_64 | 0.2.1 | 59.88 | 763.99 | 823.87 | OK | |
r-release-macos-arm64 | 0.2.1 | 275.00 | NOTE | |||
r-release-macos-x86_64 | 0.2.1 | 456.00 | NOTE | |||
r-release-windows-x86_64 | 0.2.1 | 77.00 | 520.00 | 597.00 | OK | |
r-oldrel-macos-arm64 | 0.2.1 | 502.00 | NOTE | |||
r-oldrel-macos-x86_64 | 0.2.1 | 633.00 | NOTE | |||
r-oldrel-windows-x86_64 | 0.2.1 | 86.00 | 749.00 | 835.00 | OK |
Version: 0.2.1
Check: installed package size
Result: NOTE
installed size is 8.0Mb
sub-directories of 1Mb or more:
data 2.0Mb
libs 4.4Mb
Flavors: r-release-macos-arm64, r-release-macos-x86_64, r-oldrel-macos-arm64, r-oldrel-macos-x86_64