Last updated on 2024-08-07 00:49:21 CEST.
Flavor | Version | Tinstall | Tcheck | Ttotal | Status | Flags |
---|---|---|---|---|---|---|
r-devel-linux-x86_64-debian-clang | 0.6.0 | 4.97 | 223.14 | 228.11 | OK | |
r-devel-linux-x86_64-debian-gcc | 0.6.0 | 3.11 | 169.89 | 173.00 | OK | |
r-devel-linux-x86_64-fedora-clang | 0.6.0 | 367.64 | OK | |||
r-devel-linux-x86_64-fedora-gcc | 0.6.0 | 331.56 | OK | |||
r-devel-windows-x86_64 | 0.6.0 | 6.00 | 143.00 | 149.00 | OK | |
r-patched-linux-x86_64 | 0.6.0 | 3.79 | 226.10 | 229.89 | OK | |
r-release-linux-x86_64 | 0.6.0 | 4.63 | 212.84 | 217.47 | OK | |
r-release-macos-arm64 | 0.6.0 | 106.00 | OK | |||
r-release-macos-x86_64 | 0.6.0 | 199.00 | OK | |||
r-release-windows-x86_64 | 0.6.0 | 7.00 | 141.00 | 148.00 | OK | |
r-oldrel-macos-arm64 | 0.6.0 | 11.00 | ERROR | |||
r-oldrel-macos-x86_64 | 0.6.0 | 10.00 | ERROR | |||
r-oldrel-windows-x86_64 | 0.6.0 | 7.00 | 186.00 | 193.00 | OK |
Version: 0.6.0
Check: package dependencies
Result: ERROR
Packages required and available but unsuitable versions:
'mlr3tuning', 'bbotk'
See section ‘The DESCRIPTION file’ in the ‘Writing R Extensions’
manual.
Flavors: r-oldrel-macos-arm64, r-oldrel-macos-x86_64