Last updated on 2024-08-07 00:49:21 CEST.
Flavor | Version | Tinstall | Tcheck | Ttotal | Status | Flags |
---|---|---|---|---|---|---|
r-devel-linux-x86_64-debian-clang | 1.2.2 | 129.16 | 26.05 | 155.21 | OK | |
r-devel-linux-x86_64-debian-gcc | 1.2.2 | 88.59 | 20.08 | 108.67 | OK | |
r-devel-linux-x86_64-fedora-clang | 1.2.2 | 287.17 | OK | |||
r-devel-linux-x86_64-fedora-gcc | 1.2.2 | 328.44 | OK | |||
r-devel-windows-x86_64 | 1.2.2 | 127.00 | 71.00 | 198.00 | OK | |
r-patched-linux-x86_64 | 1.2.2 | 119.35 | 24.86 | 144.21 | OK | |
r-release-linux-x86_64 | 1.2.2 | 120.21 | 25.22 | 145.43 | OK | |
r-release-macos-arm64 | 1.2.2 | 61.00 | NOTE | |||
r-release-macos-x86_64 | 1.2.2 | 70.00 | NOTE | |||
r-release-windows-x86_64 | 1.2.2 | 128.00 | 74.00 | 202.00 | OK | |
r-oldrel-macos-arm64 | 1.2.2 | 68.00 | NOTE | |||
r-oldrel-macos-x86_64 | 1.2.2 | 102.00 | NOTE | |||
r-oldrel-windows-x86_64 | 1.2.2 | 153.00 | 83.00 | 236.00 | OK |
Version: 1.2.2
Check: installed package size
Result: NOTE
installed size is 10.6Mb
sub-directories of 1Mb or more:
libs 10.4Mb
Flavors: r-release-macos-arm64, r-release-macos-x86_64, r-oldrel-macos-arm64, r-oldrel-macos-x86_64