Last updated on 2024-08-07 00:49:21 CEST.
Flavor | Version | Tinstall | Tcheck | Ttotal | Status | Flags |
---|---|---|---|---|---|---|
r-devel-linux-x86_64-debian-clang | 2.0.1 | 6.78 | 52.65 | 59.43 | OK | |
r-devel-linux-x86_64-debian-gcc | 2.0.1 | 4.13 | 37.75 | 41.88 | OK | |
r-devel-linux-x86_64-fedora-clang | 2.0.1 | 96.89 | NOTE | |||
r-devel-linux-x86_64-fedora-gcc | 2.0.1 | 89.07 | NOTE | |||
r-devel-windows-x86_64 | 2.0.1 | 9.00 | 71.00 | 80.00 | OK | |
r-patched-linux-x86_64 | 2.0.1 | 6.83 | 50.28 | 57.11 | OK | |
r-release-linux-x86_64 | 2.0.1 | 5.48 | 50.70 | 56.18 | OK | |
r-release-macos-arm64 | 2.0.1 | 34.00 | OK | |||
r-release-macos-x86_64 | 2.0.1 | 44.00 | OK | |||
r-release-windows-x86_64 | 2.0.1 | 7.00 | 73.00 | 80.00 | OK | |
r-oldrel-macos-arm64 | 2.0.1 | 40.00 | OK | |||
r-oldrel-macos-x86_64 | 2.0.1 | 69.00 | OK | |||
r-oldrel-windows-x86_64 | 2.0.1 | 9.00 | 85.00 | 94.00 | OK |
Version: 2.0.1
Check: dependencies in R code
Result: NOTE
Namespace in Imports field not imported from: ‘tibble’
All declared Imports should be used.
Flavors: r-devel-linux-x86_64-fedora-clang, r-devel-linux-x86_64-fedora-gcc