Last updated on 2024-08-07 00:49:21 CEST.
Flavor | Version | Tinstall | Tcheck | Ttotal | Status | Flags |
---|---|---|---|---|---|---|
r-devel-linux-x86_64-debian-clang | 0.1.3 | 4.57 | 80.96 | 85.53 | NOTE | |
r-devel-linux-x86_64-debian-gcc | 0.1.3 | 3.30 | 55.02 | 58.32 | NOTE | |
r-devel-linux-x86_64-fedora-clang | 0.1.3 | 142.37 | NOTE | |||
r-devel-linux-x86_64-fedora-gcc | 0.1.3 | 143.48 | OK | |||
r-devel-windows-x86_64 | 0.1.3 | 7.00 | 93.00 | 100.00 | NOTE | |
r-patched-linux-x86_64 | 0.1.3 | 8.28 | 77.46 | 85.74 | OK | |
r-release-linux-x86_64 | 0.1.3 | 3.68 | 77.34 | 81.02 | OK | |
r-release-macos-arm64 | 0.1.3 | 53.00 | OK | |||
r-release-macos-x86_64 | 0.1.3 | 69.00 | OK | |||
r-release-windows-x86_64 | 0.1.3 | 6.00 | 91.00 | 97.00 | OK | |
r-oldrel-macos-arm64 | 0.1.3 | 51.00 | OK | |||
r-oldrel-macos-x86_64 | 0.1.3 | 118.00 | OK | |||
r-oldrel-windows-x86_64 | 0.1.3 | 7.00 | 121.00 | 128.00 | OK |
Version: 0.1.3
Check: Rd cross-references
Result: NOTE
Found the following Rd file(s) with Rd \link{} targets missing package
anchors:
plot.model_graph.Rd: plot.igraph
Please provide package anchors for all Rd \link{} targets not in the
package itself and the base packages.
Flavors: r-devel-linux-x86_64-debian-clang, r-devel-linux-x86_64-debian-gcc, r-devel-windows-x86_64
Version: 0.1.3
Check: Rd cross-references
Result: NOTE
Undeclared package ‘semTools’ in Rd xrefs
Flavor: r-devel-linux-x86_64-fedora-clang