Last updated on 2024-08-07 00:49:21 CEST.
Flavor | Version | Tinstall | Tcheck | Ttotal | Status | Flags |
---|---|---|---|---|---|---|
r-devel-linux-x86_64-debian-clang | 0.4 | 13.33 | 200.47 | 213.80 | NOTE | |
r-devel-linux-x86_64-debian-gcc | 0.4 | 8.40 | 148.08 | 156.48 | NOTE | |
r-devel-linux-x86_64-fedora-clang | 0.4 | 338.86 | OK | |||
r-devel-linux-x86_64-fedora-gcc | 0.4 | 335.02 | OK | |||
r-devel-windows-x86_64 | 0.4 | 15.00 | 207.00 | 222.00 | NOTE | |
r-patched-linux-x86_64 | 0.4 | 20.34 | 190.56 | 210.90 | OK | |
r-release-linux-x86_64 | 0.4 | 13.14 | 190.31 | 203.45 | OK | |
r-release-macos-arm64 | 0.4 | 116.00 | OK | |||
r-release-macos-x86_64 | 0.4 | 158.00 | OK | |||
r-release-windows-x86_64 | 0.4 | 14.00 | 207.00 | 221.00 | OK | |
r-oldrel-macos-arm64 | 0.4 | 118.00 | OK | |||
r-oldrel-macos-x86_64 | 0.4 | 451.00 | OK | |||
r-oldrel-windows-x86_64 | 0.4 | 18.00 | 245.00 | 263.00 | OK |
Version: 0.4
Check: Rd cross-references
Result: NOTE
Found the following Rd file(s) with Rd \link{} targets missing package
anchors:
GetAleData.Rd: cforest, foreach, FeatureEffect, iml
GetInteractionStrength.Rd: cforest, vip
GetPartialData.Rd: cforest, partial, foreach, pdp
fastcforest.Rd: ForestControl-class, cforest_control, ptrafo,
cforest, RandomForest-class
fastvarImp.Rd: varImp, cforest
ggVarImp.Rd: varImp, varImpAUC
Please provide package anchors for all Rd \link{} targets not in the
package itself and the base packages.
Flavors: r-devel-linux-x86_64-debian-clang, r-devel-linux-x86_64-debian-gcc, r-devel-windows-x86_64