Last updated on 2024-08-07 00:49:21 CEST.
Flavor | Version | Tinstall | Tcheck | Ttotal | Status | Flags |
---|---|---|---|---|---|---|
r-devel-linux-x86_64-debian-clang | 2.1 | 36.19 | 296.53 | 332.72 | OK | |
r-devel-linux-x86_64-debian-gcc | 2.1 | 26.59 | 190.39 | 216.98 | OK | |
r-devel-linux-x86_64-fedora-clang | 2.1 | 548.62 | NOTE | |||
r-devel-linux-x86_64-fedora-gcc | 2.1 | 501.44 | NOTE | |||
r-devel-windows-x86_64 | 2.1 | 33.00 | 233.00 | 266.00 | OK | |
r-patched-linux-x86_64 | 2.1 | 35.83 | 282.24 | 318.07 | OK | |
r-release-linux-x86_64 | 2.1 | 31.43 | 283.30 | 314.73 | OK | |
r-release-macos-arm64 | 2.1 | 114.00 | OK | |||
r-release-macos-x86_64 | 2.1 | 187.00 | OK | |||
r-release-windows-x86_64 | 2.1 | 33.00 | 233.00 | 266.00 | OK | |
r-oldrel-macos-arm64 | 2.1 | 130.00 | OK | |||
r-oldrel-macos-x86_64 | 2.1 | 304.00 | OK | |||
r-oldrel-windows-x86_64 | 2.1 | 43.00 | 329.00 | 372.00 | OK |
Version: 2.1
Check: data for non-ASCII characters
Result: NOTE
Note: found 3 marked UTF-8 strings
Flavors: r-devel-linux-x86_64-fedora-clang, r-devel-linux-x86_64-fedora-gcc