Last updated on 2024-08-07 00:49:21 CEST.
Flavor | Version | Tinstall | Tcheck | Ttotal | Status | Flags |
---|---|---|---|---|---|---|
r-devel-linux-x86_64-debian-clang | 0.4.1 | 34.16 | 23.46 | 57.62 | OK | |
r-devel-linux-x86_64-debian-gcc | 0.4.1 | 24.43 | 18.35 | 42.78 | OK | |
r-devel-linux-x86_64-fedora-clang | 0.4.1 | 124.44 | NOTE | |||
r-devel-linux-x86_64-fedora-gcc | 0.4.1 | 118.45 | NOTE | |||
r-devel-windows-x86_64 | 0.4.1 | 43.00 | 63.00 | 106.00 | OK | |
r-patched-linux-x86_64 | 0.4.1 | 33.00 | 22.58 | 55.58 | OK | |
r-release-linux-x86_64 | 0.4.1 | 34.95 | 22.64 | 57.59 | OK | |
r-release-macos-arm64 | 0.4.1 | 30.00 | OK | |||
r-release-macos-x86_64 | 0.4.1 | 36.00 | OK | |||
r-release-windows-x86_64 | 0.4.1 | 43.00 | 59.00 | 102.00 | OK | |
r-oldrel-macos-arm64 | 0.4.1 | 36.00 | OK | |||
r-oldrel-macos-x86_64 | 0.4.1 | 59.00 | OK | |||
r-oldrel-windows-x86_64 | 0.4.1 | 51.00 | 70.00 | 121.00 | OK |
Version: 0.4.1
Check: Rd cross-references
Result: NOTE
Undeclared package ‘proxy’ in Rd xrefs
Flavor: r-devel-linux-x86_64-fedora-clang
Version: 0.4.1
Check: compiled code
Result: NOTE
File ‘mp/libs/mp.so’:
Found no calls to: ‘R_registerRoutines’, ‘R_useDynamicSymbols’
It is good practice to register native routines and to disable symbol
search.
See ‘Writing portable packages’ in the ‘Writing R Extensions’ manual.
Flavors: r-devel-linux-x86_64-fedora-clang, r-devel-linux-x86_64-fedora-gcc