Last updated on 2024-08-07 00:49:22 CEST.
Flavor | Version | Tinstall | Tcheck | Ttotal | Status | Flags |
---|---|---|---|---|---|---|
r-devel-linux-x86_64-debian-clang | 1.0.5 | 34.01 | 134.23 | 168.24 | OK | |
r-devel-linux-x86_64-debian-gcc | 1.0.5 | 22.11 | 91.93 | 114.04 | OK | |
r-devel-linux-x86_64-fedora-clang | 1.0.5 | 263.79 | OK | |||
r-devel-linux-x86_64-fedora-gcc | 1.0.5 | 323.47 | OK | |||
r-devel-windows-x86_64 | 1.0.5 | 29.00 | 169.00 | 198.00 | OK | |
r-patched-linux-x86_64 | 1.0.5 | 29.22 | 128.45 | 157.67 | OK | |
r-release-linux-x86_64 | 1.0.5 | 30.35 | 128.82 | 159.17 | OK | |
r-release-macos-arm64 | 1.0.5 | 71.00 | NOTE | |||
r-release-macos-x86_64 | 1.0.5 | 162.00 | NOTE | |||
r-release-windows-x86_64 | 1.0.5 | 30.00 | 169.00 | 199.00 | OK | |
r-oldrel-macos-arm64 | 1.0.5 | 82.00 | NOTE | |||
r-oldrel-macos-x86_64 | 1.0.5 | 146.00 | NOTE | |||
r-oldrel-windows-x86_64 | 1.0.5 | 29.00 | 209.00 | 238.00 | OK |
Version: 1.0.5
Check: installed package size
Result: NOTE
installed size is 6.5Mb
sub-directories of 1Mb or more:
libs 5.9Mb
Flavors: r-release-macos-arm64, r-release-macos-x86_64, r-oldrel-macos-arm64, r-oldrel-macos-x86_64