Last updated on 2024-08-07 00:49:22 CEST.
Flavor | Version | Tinstall | Tcheck | Ttotal | Status | Flags |
---|---|---|---|---|---|---|
r-devel-linux-x86_64-debian-clang | 7.5.1 | 30.44 | 187.07 | 217.51 | OK | |
r-devel-linux-x86_64-debian-gcc | 7.5.1 | 24.76 | 117.40 | 142.16 | OK | |
r-devel-linux-x86_64-fedora-clang | 7.5.1 | 370.46 | NOTE | |||
r-devel-linux-x86_64-fedora-gcc | 7.5.1 | 351.46 | OK | |||
r-devel-windows-x86_64 | 7.5.1 | 33.00 | 199.00 | 232.00 | NOTE | |
r-patched-linux-x86_64 | 7.5.1 | 29.12 | 173.27 | 202.39 | OK | |
r-release-linux-x86_64 | 7.5.1 | 29.23 | 172.54 | 201.77 | OK | |
r-release-macos-arm64 | 7.5.1 | 119.00 | NOTE | |||
r-release-macos-x86_64 | 7.5.1 | 192.00 | NOTE | |||
r-release-windows-x86_64 | 7.5.1 | 32.00 | 201.00 | 233.00 | NOTE | |
r-oldrel-macos-arm64 | 7.5.1 | 132.00 | NOTE | |||
r-oldrel-macos-x86_64 | 7.5.1 | 208.00 | NOTE | |||
r-oldrel-windows-x86_64 | 7.5.1 | 40.00 | 226.00 | 266.00 | NOTE |
Version: 7.5.1
Check: installed package size
Result: NOTE
installed size is 6.0Mb
sub-directories of 1Mb or more:
R 5.9Mb
Flavors: r-devel-linux-x86_64-fedora-clang, r-devel-windows-x86_64, r-release-macos-arm64, r-release-macos-x86_64, r-release-windows-x86_64, r-oldrel-macos-arm64, r-oldrel-macos-x86_64, r-oldrel-windows-x86_64