Last updated on 2024-08-07 00:49:22 CEST.
Flavor | Version | Tinstall | Tcheck | Ttotal | Status | Flags |
---|---|---|---|---|---|---|
r-devel-linux-x86_64-debian-clang | 0.1.1 | 1.49 | 16.37 | 17.86 | NOTE | |
r-devel-linux-x86_64-debian-gcc | 0.1.1 | 1.26 | 13.26 | 14.52 | NOTE | |
r-devel-linux-x86_64-fedora-clang | 0.1.1 | 29.09 | NOTE | |||
r-devel-linux-x86_64-fedora-gcc | 0.1.1 | 26.45 | NOTE | |||
r-devel-windows-x86_64 | 0.1.1 | 3.00 | 38.00 | 41.00 | NOTE | |
r-patched-linux-x86_64 | 0.1.1 | 1.52 | 16.01 | 17.53 | NOTE | |
r-release-linux-x86_64 | 0.1.1 | 1.25 | 16.08 | 17.33 | NOTE | |
r-release-macos-arm64 | 0.1.1 | 13.00 | NOTE | |||
r-release-macos-x86_64 | 0.1.1 | 22.00 | NOTE | |||
r-release-windows-x86_64 | 0.1.1 | 3.00 | 38.00 | 41.00 | NOTE | |
r-oldrel-macos-arm64 | 0.1.1 | 16.00 | NOTE | |||
r-oldrel-macos-x86_64 | 0.1.1 | 19.00 | NOTE | |||
r-oldrel-windows-x86_64 | 0.1.1 | 3.00 | 37.00 | 40.00 | NOTE |
Version: 0.1.1
Check: LazyData
Result: NOTE
'LazyData' is specified without a 'data' directory
Flavors: r-devel-linux-x86_64-debian-clang, r-devel-linux-x86_64-debian-gcc, r-devel-linux-x86_64-fedora-clang, r-devel-linux-x86_64-fedora-gcc, r-devel-windows-x86_64, r-patched-linux-x86_64, r-release-linux-x86_64, r-release-macos-arm64, r-release-macos-x86_64, r-release-windows-x86_64, r-oldrel-macos-arm64, r-oldrel-macos-x86_64, r-oldrel-windows-x86_64