Last updated on 2024-08-07 00:49:22 CEST.
Flavor | Version | Tinstall | Tcheck | Ttotal | Status | Flags |
---|---|---|---|---|---|---|
r-devel-linux-x86_64-debian-clang | 1.2.2 | 13.54 | 111.54 | 125.08 | NOTE | |
r-devel-linux-x86_64-debian-gcc | 1.2.2 | 9.61 | 80.39 | 90.00 | NOTE | |
r-devel-linux-x86_64-fedora-clang | 1.2.2 | 212.75 | NOTE | |||
r-devel-linux-x86_64-fedora-gcc | 1.2.2 | 191.98 | NOTE | |||
r-devel-windows-x86_64 | 1.2.2 | 14.00 | 117.00 | 131.00 | NOTE | |
r-patched-linux-x86_64 | 1.2.2 | 16.56 | 106.39 | 122.95 | NOTE | |
r-release-linux-x86_64 | 1.2.2 | 13.24 | 108.85 | 122.09 | NOTE | |
r-release-macos-arm64 | 1.2.2 | 87.00 | NOTE | |||
r-release-macos-x86_64 | 1.2.2 | 89.00 | NOTE | |||
r-release-windows-x86_64 | 1.2.2 | 14.00 | 116.00 | 130.00 | NOTE | |
r-oldrel-macos-arm64 | 1.2.2 | 59.00 | OK | |||
r-oldrel-macos-x86_64 | 1.2.2 | 96.00 | OK | |||
r-oldrel-windows-x86_64 | 1.2.2 | 16.00 | 139.00 | 155.00 | OK |
Version: 1.2.2
Check: Rd files
Result: NOTE
checkRd: (-1) PPCA.Rd:35: Lost braces
35 | Returns an object of class 'pcaRes.' See documentation in the package code{\link[pcaMethods:pcaMethods]{ pcaMethods}}
| ^
Flavors: r-devel-linux-x86_64-debian-clang, r-devel-linux-x86_64-debian-gcc, r-devel-linux-x86_64-fedora-clang, r-devel-linux-x86_64-fedora-gcc, r-devel-windows-x86_64, r-patched-linux-x86_64, r-release-linux-x86_64, r-release-macos-arm64, r-release-macos-x86_64, r-release-windows-x86_64
Version: 1.2.2
Check: Rd cross-references
Result: NOTE
Found the following Rd file(s) with Rd \link{} targets missing package
anchors:
Loadings.Rd: pca, lda
PPCA.Rd: pca
completeData.Rd: pca
ldaPlot.Rd: lda
Please provide package anchors for all Rd \link{} targets not in the
package itself and the base packages.
Flavors: r-devel-linux-x86_64-debian-clang, r-devel-linux-x86_64-debian-gcc, r-devel-windows-x86_64