Last updated on 2024-08-07 00:49:22 CEST.
Flavor | Version | Tinstall | Tcheck | Ttotal | Status | Flags |
---|---|---|---|---|---|---|
r-devel-linux-x86_64-debian-clang | 1.0.0 | 145.89 | 105.62 | 251.51 | NOTE | |
r-devel-linux-x86_64-debian-gcc | 1.0.0 | 116.18 | 83.48 | 199.66 | NOTE | |
r-devel-linux-x86_64-fedora-clang | 1.0.0 | 417.54 | NOTE | |||
r-devel-linux-x86_64-fedora-gcc | 1.0.0 | 486.82 | NOTE | |||
r-devel-windows-x86_64 | 1.0.0 | 146.00 | 134.00 | 280.00 | NOTE | |
r-patched-linux-x86_64 | 1.0.0 | 153.15 | 114.76 | 267.91 | NOTE | |
r-release-linux-x86_64 | 1.0.0 | 148.28 | 113.72 | 262.00 | NOTE | |
r-release-macos-arm64 | 1.0.0 | 101.00 | NOTE | |||
r-release-macos-x86_64 | 1.0.0 | 151.00 | NOTE | |||
r-release-windows-x86_64 | 1.0.0 | 143.00 | 134.00 | 277.00 | NOTE | |
r-oldrel-macos-arm64 | 1.0.0 | 106.00 | NOTE | |||
r-oldrel-macos-x86_64 | 1.0.0 | 225.00 | NOTE | |||
r-oldrel-windows-x86_64 | 1.0.0 | 187.00 | 164.00 | 351.00 | NOTE |
Version: 1.0.0
Check: for GNU extensions in Makefiles
Result: NOTE
GNU make is a SystemRequirements.
Flavors: r-devel-linux-x86_64-debian-clang, r-devel-linux-x86_64-debian-gcc, r-devel-linux-x86_64-fedora-clang, r-devel-linux-x86_64-fedora-gcc, r-devel-windows-x86_64, r-patched-linux-x86_64, r-release-linux-x86_64, r-release-macos-arm64, r-release-macos-x86_64, r-release-windows-x86_64, r-oldrel-macos-arm64, r-oldrel-macos-x86_64, r-oldrel-windows-x86_64
Version: 1.0.0
Check: installed package size
Result: NOTE
installed size is 42.6Mb
sub-directories of 1Mb or more:
libs 42.4Mb
Flavors: r-release-macos-arm64, r-release-macos-x86_64, r-oldrel-macos-arm64, r-oldrel-macos-x86_64